{"id":41,"date":"2020-01-06T17:54:01","date_gmt":"2020-01-06T14:54:01","guid":{"rendered":"http:\/\/localhost\/iyiakrep\/?page_id=41"},"modified":"2021-04-01T15:55:22","modified_gmt":"2021-04-01T12:55:22","slug":"peygamberimizin-s-a-v-evi","status":"publish","type":"page","link":"https:\/\/yeni.elyucader.com\/?page_id=41","title":{"rendered":"Peygamberimizin (S.A.V.) Evi"},"content":{"rendered":"\t\t<div data-elementor-type=\"wp-page\" data-elementor-id=\"41\" class=\"elementor elementor-41\" data-elementor-settings=\"[]\">\n\t\t\t\t\t\t<div class=\"elementor-inner\">\n\t\t\t\t\t\t\t<div class=\"elementor-section-wrap\">\n\t\t\t\t\t\t\t<section class=\"elementor-section elementor-top-section elementor-element elementor-element-a67ab23 elementor-section-stretched elementor-section-full_width elementor-section-height-full elementor-section-height-default elementor-section-items-middle\" data-id=\"a67ab23\" data-element_type=\"section\" data-settings=\"{&quot;stretch_section&quot;:&quot;section-stretched&quot;,&quot;background_background&quot;:&quot;classic&quot;}\">\n\t\t\t\t\t\t<div class=\"elementor-container elementor-column-gap-default\">\n\t\t\t\t\t\t\t<div class=\"elementor-row\">\n\t\t\t\t\t<div class=\"elementor-column elementor-col-100 elementor-top-column elementor-element elementor-element-a2e272b\" data-id=\"a2e272b\" data-element_type=\"column\">\n\t\t\t<div class=\"elementor-column-wrap elementor-element-populated\">\n\t\t\t\t\t\t\t<div class=\"elementor-widget-wrap\">\n\t\t\t\t\t\t<div class=\"elementor-element elementor-element-33a4986 elementor-widget elementor-widget-heading\" data-id=\"33a4986\" data-element_type=\"widget\" data-widget_type=\"heading.default\">\n\t\t\t\t<div class=\"elementor-widget-container\">\n\t\t\t<h2 class=\"elementor-heading-title elementor-size-default\">PEYGAMBER EFEND\u0130M\u0130Z\u0130N<br>(S.A.V.) EV\u0130<\/h2>\t\t<\/div>\n\t\t\t\t<\/div>\n\t\t\t\t\t\t<\/div>\n\t\t\t\t\t<\/div>\n\t\t<\/div>\n\t\t\t\t\t\t\t\t<\/div>\n\t\t\t\t\t<\/div>\n\t\t<\/section>\n\t\t\t\t<section class=\"elementor-section elementor-top-section elementor-element elementor-element-42b5010 elementor-section-boxed elementor-section-height-default elementor-section-height-default\" data-id=\"42b5010\" data-element_type=\"section\">\n\t\t\t\t\t\t<div class=\"elementor-container elementor-column-gap-default\">\n\t\t\t\t\t\t\t<div class=\"elementor-row\">\n\t\t\t\t\t<div class=\"elementor-column elementor-col-100 elementor-top-column elementor-element elementor-element-8d86f6d\" data-id=\"8d86f6d\" data-element_type=\"column\">\n\t\t\t<div class=\"elementor-column-wrap elementor-element-populated\">\n\t\t\t\t\t\t\t<div class=\"elementor-widget-wrap\">\n\t\t\t\t\t\t<div class=\"elementor-element elementor-element-33a2a24 elementor-widget elementor-widget-text-editor\" data-id=\"33a2a24\" data-element_type=\"widget\" data-widget_type=\"text-editor.default\">\n\t\t\t\t<div class=\"elementor-widget-container\">\n\t\t\t\t\t<div class=\"elementor-text-editor elementor-clearfix\"><p>Alemlere rahmet olarak g\u00f6nderilen Sevgili Peygamberimiz (S.A.V.), miladi 571 y\u0131l\u0131 Nisan 20&#8217;sine isabet eden Rebiulevvel ay\u0131n\u0131n 12&#8217;nci Pazartesi gecesi tan yeri a\u011far\u0131rken Mekke&#8217;de \u015fu an k\u00fct\u00fcphane olarak kullan\u0131lan evde d\u00fcnya&#8217;y\u0131 \u015fereflendirdi.<\/p>\n<p>Peygamber Efendimiz (S.A.V.) hicretleri esnas\u0131nda bu m\u00fcbarek evi Hazret-i Ali efendimizin karde\u015fi (Ukayl)&#8217;e hediye etmi\u015f. Ukayl&#8217;in evlatlar\u0131 da Haccac&#8217;\u0131n karde\u015fine satm\u0131\u015flard\u0131r.&nbsp;<\/p><p>Bilahere Harun Re\u015fid&#8217;in annesi sat\u0131n alarak buray\u0131 yenileyip mescid haline getirmi\u015ftir. Kanuni Sultan S\u00fcleyman zaman\u0131nda yeniden yap\u0131lm\u0131\u015ft\u0131r. \u015eu anda evkaf k\u00fct\u00fcphanesi olarak kullan\u0131lmaktad\u0131r.<\/p>\n<p>Di\u011fer m\u00fcbarek haneler Mescid-i Haram&#8217;\u0131n geni\u015flemesiyle y\u0131k\u0131l\u0131p Mescid-i Haram&#8217;a dahil edilmi\u015f, bir k\u0131sm\u0131 \u00e7ar\u015f\u0131 ve yollara kat\u0131lm\u0131\u015ft\u0131r.<\/p>\n<p>Resulullah&#8217;\u0131n do\u011fdu\u011fu, bir \u00e7ok harikulade hadisenin cereyan etti\u011fi o m\u00fcbarek mekan\u0131 ziyaret etmek ve O&#8217;na salat-\u00fc selam okumak elbette rahmet ve \u015fefaate vesile olacakt\u0131r.<\/p><\/div>\n\t\t\t\t<\/div>\n\t\t\t\t<\/div>\n\t\t\t\t<div class=\"elementor-element elementor-element-4f1c090 elementor-widget elementor-widget-image-gallery\" data-id=\"4f1c090\" data-element_type=\"widget\" data-widget_type=\"image-gallery.default\">\n\t\t\t\t<div class=\"elementor-widget-container\">\n\t\t\t\t\t<div class=\"elementor-image-gallery\">\n\t\t\t<div id='gallery-1' class='gallery galleryid-41 gallery-columns-4 gallery-size-thumbnail'><figure class='gallery-item'>\n\t\t\t<div class='gallery-icon landscape'>\n\t\t\t\t<a data-elementor-open-lightbox=\"yes\" data-elementor-lightbox-slideshow=\"4f1c090\" data-elementor-lightbox-title=\"IMG_1126\" href='https:\/\/yeni.elyucader.com\/wp-content\/uploads\/2020\/02\/IMG_1126.jpg'><img width=\"150\" height=\"150\" src=\"https:\/\/yeni.elyucader.com\/wp-content\/uploads\/2020\/02\/IMG_1126-150x150.jpg\" class=\"attachment-thumbnail size-thumbnail\" alt=\"\" decoding=\"async\" loading=\"lazy\" \/><\/a>\n\t\t\t<\/div><\/figure><figure class='gallery-item'>\n\t\t\t<div class='gallery-icon landscape'>\n\t\t\t\t<a data-elementor-open-lightbox=\"yes\" data-elementor-lightbox-slideshow=\"4f1c090\" data-elementor-lightbox-title=\"IMG_1127\" href='https:\/\/yeni.elyucader.com\/wp-content\/uploads\/2020\/02\/IMG_1127.jpg'><img width=\"150\" height=\"150\" src=\"https:\/\/yeni.elyucader.com\/wp-content\/uploads\/2020\/02\/IMG_1127-150x150.jpg\" class=\"attachment-thumbnail size-thumbnail\" alt=\"\" decoding=\"async\" loading=\"lazy\" \/><\/a>\n\t\t\t<\/div><\/figure><figure class='gallery-item'>\n\t\t\t<div class='gallery-icon landscape'>\n\t\t\t\t<a data-elementor-open-lightbox=\"yes\" data-elementor-lightbox-slideshow=\"4f1c090\" data-elementor-lightbox-title=\"IMG_1128\" href='https:\/\/yeni.elyucader.com\/wp-content\/uploads\/2020\/02\/IMG_1128.jpg'><img width=\"150\" height=\"150\" src=\"https:\/\/yeni.elyucader.com\/wp-content\/uploads\/2020\/02\/IMG_1128-150x150.jpg\" class=\"attachment-thumbnail size-thumbnail\" alt=\"\" decoding=\"async\" loading=\"lazy\" \/><\/a>\n\t\t\t<\/div><\/figure><figure class='gallery-item'>\n\t\t\t<div class='gallery-icon landscape'>\n\t\t\t\t<a data-elementor-open-lightbox=\"yes\" data-elementor-lightbox-slideshow=\"4f1c090\" data-elementor-lightbox-title=\"IMG_1129\" href='https:\/\/yeni.elyucader.com\/wp-content\/uploads\/2020\/02\/IMG_1129.jpg'><img width=\"150\" height=\"150\" src=\"https:\/\/yeni.elyucader.com\/wp-content\/uploads\/2020\/02\/IMG_1129-150x150.jpg\" class=\"attachment-thumbnail size-thumbnail\" alt=\"\" decoding=\"async\" loading=\"lazy\" \/><\/a>\n\t\t\t<\/div><\/figure>\n\t\t<\/div>\n\t\t<\/div>\n\t\t\t\t<\/div>\n\t\t\t\t<\/div>\n\t\t\t\t\t\t<\/div>\n\t\t\t\t\t<\/div>\n\t\t<\/div>\n\t\t\t\t\t\t\t\t<\/div>\n\t\t\t\t\t<\/div>\n\t\t<\/section>\n\t\t\t\t\t\t<\/div>\n\t\t\t\t\t\t<\/div>\n\t\t\t\t\t<\/div>\n\t\t","protected":false},"excerpt":{"rendered":"<p>PEYGAMBER EFEND\u0130M\u0130Z\u0130N(S.A.V.) EV\u0130 Alemlere rahmet olarak g\u00f6nderilen Sevgili Peygamberimiz (S.A.V.), miladi 571 y\u0131l\u0131 Nisan 20&#8217;sine isabet eden Rebiulevvel ay\u0131n\u0131n 12&#8217;nci Pazartesi gecesi tan yeri a\u011far\u0131rken Mekke&#8217;de \u015fu an k\u00fct\u00fcphane olarak kullan\u0131lan evde d\u00fcnya&#8217;y\u0131 \u015fereflendirdi. Peygamber Efendimiz (S.A.V.) hicretleri esnas\u0131nda bu m\u00fcbarek evi Hazret-i Ali efendimizin karde\u015fi (Ukayl)&#8217;e hediye etmi\u015f. Ukayl&#8217;in evlatlar\u0131 da Haccac&#8217;\u0131n karde\u015fine satm\u0131\u015flard\u0131r.&nbsp; [&hellip;]<\/p>\n","protected":false},"author":1,"featured_media":0,"parent":0,"menu_order":0,"comment_status":"closed","ping_status":"closed","template":"","meta":[],"_links":{"self":[{"href":"https:\/\/yeni.elyucader.com\/index.php?rest_route=\/wp\/v2\/pages\/41"}],"collection":[{"href":"https:\/\/yeni.elyucader.com\/index.php?rest_route=\/wp\/v2\/pages"}],"about":[{"href":"https:\/\/yeni.elyucader.com\/index.php?rest_route=\/wp\/v2\/types\/page"}],"author":[{"embeddable":true,"href":"https:\/\/yeni.elyucader.com\/index.php?rest_route=\/wp\/v2\/users\/1"}],"replies":[{"embeddable":true,"href":"https:\/\/yeni.elyucader.com\/index.php?rest_route=%2Fwp%2Fv2%2Fcomments&post=41"}],"version-history":[{"count":20,"href":"https:\/\/yeni.elyucader.com\/index.php?rest_route=\/wp\/v2\/pages\/41\/revisions"}],"predecessor-version":[{"id":1104,"href":"https:\/\/yeni.elyucader.com\/index.php?rest_route=\/wp\/v2\/pages\/41\/revisions\/1104"}],"wp:attachment":[{"href":"https:\/\/yeni.elyucader.com\/index.php?rest_route=%2Fwp%2Fv2%2Fmedia&parent=41"}],"curies":[{"name":"wp","href":"https:\/\/api.w.org\/{rel}","templated":true}]}}

<div data-elementor-type="wp-page" data-elementor-id="41" class="elementor elementor-41" data-elementor-settings="[]">
						<div class="elementor-inner">
							<div class="elementor-section-wrap">
							<section class="elementor-section elementor-top-section elementor-element elementor-element-a67ab23 elementor-section-stretched elementor-section-full_width elementor-section-height-full elementor-section-height-default elementor-section-items-middle" data-id="a67ab23" data-element_type="section" data-settings="{&quot;stretch_section&quot;:&quot;section-stretched&quot;,&quot;background_background&quot;:&quot;classic&quot;}">
						<div class="elementor-container elementor-column-gap-default">
							<div class="elementor-row">
					<div class="elementor-column elementor-col-100 elementor-top-column elementor-element elementor-element-a2e272b" data-id="a2e272b" data-element_type="column">
			<div class="elementor-column-wrap elementor-element-populated">
							<div class="elementor-widget-wrap">
						<div class="elementor-element elementor-element-33a4986 elementor-widget elementor-widget-heading" data-id="33a4986" data-element_type="widget" data-widget_type="heading.default">
				<div class="elementor-widget-container">
			<h2 class="elementor-heading-title elementor-size-default">PEYGAMBER EFENDİMİZİN<br>(S.A.V.) EVİ</h2>		</div>
				</div>
						</div>
					</div>
		</div>
								</div>
					</div>
		</section>
				<section class="elementor-section elementor-top-section elementor-element elementor-element-42b5010 elementor-section-boxed elementor-section-height-default elementor-section-height-default" data-id="42b5010" data-element_type="section">
						<div class="elementor-container elementor-column-gap-default">
							<div class="elementor-row">
					<div class="elementor-column elementor-col-100 elementor-top-column elementor-element elementor-element-8d86f6d" data-id="8d86f6d" data-element_type="column">
			<div class="elementor-column-wrap elementor-element-populated">
							<div class="elementor-widget-wrap">
						<div class="elementor-element elementor-element-33a2a24 elementor-widget elementor-widget-text-editor" data-id="33a2a24" data-element_type="widget" data-widget_type="text-editor.default">
				<div class="elementor-widget-container">
					<div class="elementor-text-editor elementor-clearfix"><p>Alemlere rahmet olarak gönderilen Sevgili Peygamberimiz (S.A.V.), miladi 571 yılı Nisan 20&#8217;sine isabet eden Rebiulevvel ayının 12&#8217;nci Pazartesi gecesi tan yeri ağarırken Mekke&#8217;de şu an kütüphane olarak kullanılan evde dünya&#8217;yı şereflendirdi.</p>
<p>Peygamber Efendimiz (S.A.V.) hicretleri esnasında bu mübarek evi Hazret-i Ali efendimizin kardeşi (Ukayl)&#8217;e hediye etmiş. Ukayl&#8217;in evlatları da Haccac&#8217;ın kardeşine satmışlardır.&nbsp;</p><p>Bilahere Harun Reşid&#8217;in annesi satın alarak burayı yenileyip mescid haline getirmiştir. Kanuni Sultan Süleyman zamanında yeniden yapılmıştır. Şu anda evkaf kütüphanesi olarak kullanılmaktadır.</p>
<p>Diğer mübarek haneler Mescid-i Haram&#8217;ın genişlemesiyle yıkılıp Mescid-i Haram&#8217;a dahil edilmiş, bir kısmı çarşı ve yollara katılmıştır.</p>
<p>Resulullah&#8217;ın doğduğu, bir çok harikulade hadisenin cereyan ettiği o mübarek mekanı ziyaret etmek ve O&#8217;na salat-ü selam okumak elbette rahmet ve şefaate vesile olacaktır.</p></div>
				</div>
				</div>
				<div class="elementor-element elementor-element-4f1c090 elementor-widget elementor-widget-image-gallery" data-id="4f1c090" data-element_type="widget" data-widget_type="image-gallery.default">
				<div class="elementor-widget-container">
					<div class="elementor-image-gallery">
			<div id='gallery-1' class='gallery galleryid-41 gallery-columns-4 gallery-size-thumbnail'><figure class='gallery-item'>
			<div class='gallery-icon landscape'>
				<a data-elementor-open-lightbox="yes" data-elementor-lightbox-slideshow="4f1c090" data-elementor-lightbox-title="IMG_1126" href='https://yeni.elyucader.com/wp-content/uploads/2020/02/IMG_1126.jpg'><img width="150" height="150" src="https://yeni.elyucader.com/wp-content/uploads/2020/02/IMG_1126-150x150.jpg" class="attachment-thumbnail size-thumbnail" alt="" decoding="async" loading="lazy" /></a>
			</div></figure><figure class='gallery-item'>
			<div class='gallery-icon landscape'>
				<a data-elementor-open-lightbox="yes" data-elementor-lightbox-slideshow="4f1c090" data-elementor-lightbox-title="IMG_1127" href='https://yeni.elyucader.com/wp-content/uploads/2020/02/IMG_1127.jpg'><img width="150" height="150" src="https://yeni.elyucader.com/wp-content/uploads/2020/02/IMG_1127-150x150.jpg" class="attachment-thumbnail size-thumbnail" alt="" decoding="async" loading="lazy" /></a>
			</div></figure><figure class='gallery-item'>
			<div class='gallery-icon landscape'>
				<a data-elementor-open-lightbox="yes" data-elementor-lightbox-slideshow="4f1c090" data-elementor-lightbox-title="IMG_1128" href='https://yeni.elyucader.com/wp-content/uploads/2020/02/IMG_1128.jpg'><img width="150" height="150" src="https://yeni.elyucader.com/wp-content/uploads/2020/02/IMG_1128-150x150.jpg" class="attachment-thumbnail size-thumbnail" alt="" decoding="async" loading="lazy" /></a>
			</div></figure><figure class='gallery-item'>
			<div class='gallery-icon landscape'>
				<a data-elementor-open-lightbox="yes" data-elementor-lightbox-slideshow="4f1c090" data-elementor-lightbox-title="IMG_1129" href='https://yeni.elyucader.com/wp-content/uploads/2020/02/IMG_1129.jpg'><img width="150" height="150" src="https://yeni.elyucader.com/wp-content/uploads/2020/02/IMG_1129-150x150.jpg" class="attachment-thumbnail size-thumbnail" alt="" decoding="async" loading="lazy" /></a>
			</div></figure>
		</div>
		</div>
				</div>
				</div>
						</div>
					</div>
		</div>
								</div>
					</div>
		</section>
						</div>
						</div>
					</div>

<p>PEYGAMBER EFENDİMİZİN(S.A.V.) EVİ Alemlere rahmet olarak gönderilen Sevgili Peygamberimiz (S.A.V.), miladi 571 yılı Nisan 20&#8217;sine isabet eden Rebiulevvel ayının 12&#8217;nci Pazartesi gecesi tan yeri ağarırken Mekke&#8217;de şu an kütüphane olarak kullanılan evde dünya&#8217;yı şereflendirdi. Peygamber Efendimiz (S.A.V.) hicretleri esnasında bu mübarek evi Hazret-i Ali efendimizin kardeşi (Ukayl)&#8217;e hediye etmiş. Ukayl&#8217;in evlatları da Haccac&#8217;ın kardeşine satmışlardır.&nbsp; [&hellip;]</p>
