{"id":45,"date":"2020-01-06T17:54:58","date_gmt":"2020-01-06T14:54:58","guid":{"rendered":"http:\/\/localhost\/iyiakrep\/?page_id=45"},"modified":"2021-04-01T15:55:43","modified_gmt":"2021-04-01T12:55:43","slug":"sevr-dagi","status":"publish","type":"page","link":"https:\/\/yeni.elyucader.com\/?page_id=45","title":{"rendered":"Sevr Da\u011f\u0131"},"content":{"rendered":"\t\t<div data-elementor-type=\"wp-page\" data-elementor-id=\"45\" class=\"elementor elementor-45\" data-elementor-settings=\"[]\">\n\t\t\t\t\t\t<div class=\"elementor-inner\">\n\t\t\t\t\t\t\t<div class=\"elementor-section-wrap\">\n\t\t\t\t\t\t\t<section class=\"elementor-section elementor-top-section elementor-element elementor-element-830cc6f elementor-section-stretched elementor-section-full_width elementor-section-height-full elementor-section-height-default elementor-section-items-middle\" data-id=\"830cc6f\" data-element_type=\"section\" data-settings=\"{&quot;stretch_section&quot;:&quot;section-stretched&quot;,&quot;background_background&quot;:&quot;classic&quot;}\">\n\t\t\t\t\t\t<div class=\"elementor-container elementor-column-gap-default\">\n\t\t\t\t\t\t\t<div class=\"elementor-row\">\n\t\t\t\t\t<div class=\"elementor-column elementor-col-100 elementor-top-column elementor-element elementor-element-b68db9e\" data-id=\"b68db9e\" data-element_type=\"column\">\n\t\t\t<div class=\"elementor-column-wrap elementor-element-populated\">\n\t\t\t\t\t\t\t<div class=\"elementor-widget-wrap\">\n\t\t\t\t\t\t<div class=\"elementor-element elementor-element-de3561d elementor-widget elementor-widget-heading\" data-id=\"de3561d\" data-element_type=\"widget\" data-widget_type=\"heading.default\">\n\t\t\t\t<div class=\"elementor-widget-container\">\n\t\t\t<h2 class=\"elementor-heading-title elementor-size-default\">SEVR DA\u011eI<\/h2>\t\t<\/div>\n\t\t\t\t<\/div>\n\t\t\t\t\t\t<\/div>\n\t\t\t\t\t<\/div>\n\t\t<\/div>\n\t\t\t\t\t\t\t\t<\/div>\n\t\t\t\t\t<\/div>\n\t\t<\/section>\n\t\t\t\t<section class=\"elementor-section elementor-top-section elementor-element elementor-element-3c05a5c elementor-section-boxed elementor-section-height-default elementor-section-height-default\" data-id=\"3c05a5c\" data-element_type=\"section\">\n\t\t\t\t\t\t<div class=\"elementor-container elementor-column-gap-default\">\n\t\t\t\t\t\t\t<div class=\"elementor-row\">\n\t\t\t\t\t<div class=\"elementor-column elementor-col-100 elementor-top-column elementor-element elementor-element-dbaa4ee\" data-id=\"dbaa4ee\" data-element_type=\"column\">\n\t\t\t<div class=\"elementor-column-wrap elementor-element-populated\">\n\t\t\t\t\t\t\t<div class=\"elementor-widget-wrap\">\n\t\t\t\t\t\t<div class=\"elementor-element elementor-element-3e7de4c elementor-widget elementor-widget-text-editor\" data-id=\"3e7de4c\" data-element_type=\"widget\" data-widget_type=\"text-editor.default\">\n\t\t\t\t<div class=\"elementor-widget-container\">\n\t\t\t\t\t<div class=\"elementor-text-editor elementor-clearfix\"><p>Mescid-i Haram&#8217;\u0131n g\u00fcney cephesinde, takriben 4 km uzakl\u0131kta, Arafat yolu \u00fczerindedir. Da\u011f\u0131n ete\u011fi ile zirvesi 458 m, takriben 1,5 saatte yaya \u00e7\u0131k\u0131labilen bir mesafedir.<\/p>\n<p>Peygamberimiz (S.A.V.), Hz. Ebu Bekr-i S\u0131dd\u0131k (R.A.) ile hicret ederken bu ma\u011faraya girerek 3 gece kald\u0131lar. Ma\u011faraya \u00f6nce Hz. Ebu Bekir girerek zararl\u0131 bir \u015fey olup olmad\u0131\u011f\u0131na bakm\u0131\u015f, sonra da Resulallah Efendimiz (S.A.V.) girmi\u015ftir.&nbsp;<\/p><p>Hz. Ebu Bekr&#8217;in o\u011flu Abdullah, g\u00fcnd\u00fczleri m\u00fc\u015friklerin aras\u0131nda dola\u015f\u0131yor, geceleri malumat getiriyordu. K\u00f6lesi Amr \u0130bn-i F\u00fcheyre ise o civara koyunlar\u0131 s\u00fcr\u00fcyor. Hem Abdullah&#8217;\u0131n izlerini kaybettiriyor ve hem de s\u00fct ikram ediyordu.<\/p>\n<p>Bu ma\u011farada \u00fc\u00e7 mucize meydana gelmi\u015ftir.&nbsp;<\/p><p>Hz. Ebu Bekir&#8217;in aya\u011f\u0131n\u0131 y\u0131lan sokmu\u015f, Resulallah Efendimiz (S.A.V.) m\u00fcbarek t\u00fck\u00fcr\u00fcklerini s\u00fcrm\u00fc\u015f, o anda ac\u0131s\u0131 ge\u00e7ip, \u015fifa bulmu\u015ftu.&nbsp;<\/p><p>Onlar i\u00e7eri girdikten sonra Allah&#8217;\u0131n emriyle ma\u011faran\u0131n a\u011fz\u0131na \u00f6r\u00fcmcekler a\u011f germi\u015f ve g\u00fcvercinler yuva yapm\u0131\u015flard\u0131.&nbsp;<\/p><p>M\u00fc\u015frikler ma\u011faran\u0131n \u00f6n\u00fcne kadar gelmi\u015fler, i\u00e7lerinden biri aramak istemi\u015f, Umeyye Bin Halef ona &#8220;Orada ne i\u015fin var, akl\u0131n\u0131 m\u0131 yitirdin? Orada Muhammed do\u011fmadan \u00f6r\u00fcmcekler a\u011f\u0131n\u0131 germi\u015f, ku\u015flar yuva yapm\u0131\u015f&#8221; deyince ma\u011faraya girmekten vazge\u00e7tiler.<\/p><\/div>\n\t\t\t\t<\/div>\n\t\t\t\t<\/div>\n\t\t\t\t<div class=\"elementor-element elementor-element-eafe521 gallery-spacing-custom elementor-widget elementor-widget-image-gallery\" data-id=\"eafe521\" data-element_type=\"widget\" data-widget_type=\"image-gallery.default\">\n\t\t\t\t<div class=\"elementor-widget-container\">\n\t\t\t\t\t<div class=\"elementor-image-gallery\">\n\t\t\t<div id='gallery-1' class='gallery galleryid-45 gallery-columns-5 gallery-size-thumbnail'><figure class='gallery-item'>\n\t\t\t<div class='gallery-icon landscape'>\n\t\t\t\t<a data-elementor-open-lightbox=\"yes\" data-elementor-lightbox-slideshow=\"eafe521\" data-elementor-lightbox-title=\"IMG_1074\" href='https:\/\/yeni.elyucader.com\/wp-content\/uploads\/2020\/02\/IMG_1074.jpg'><img width=\"150\" height=\"150\" src=\"https:\/\/yeni.elyucader.com\/wp-content\/uploads\/2020\/02\/IMG_1074-150x150.jpg\" class=\"attachment-thumbnail size-thumbnail\" alt=\"\" decoding=\"async\" loading=\"lazy\" \/><\/a>\n\t\t\t<\/div><\/figure><figure class='gallery-item'>\n\t\t\t<div class='gallery-icon landscape'>\n\t\t\t\t<a data-elementor-open-lightbox=\"yes\" data-elementor-lightbox-slideshow=\"eafe521\" data-elementor-lightbox-title=\"IMG_1075\" href='https:\/\/yeni.elyucader.com\/wp-content\/uploads\/2020\/02\/IMG_1075.jpg'><img width=\"150\" height=\"150\" src=\"https:\/\/yeni.elyucader.com\/wp-content\/uploads\/2020\/02\/IMG_1075-150x150.jpg\" class=\"attachment-thumbnail size-thumbnail\" alt=\"\" decoding=\"async\" loading=\"lazy\" \/><\/a>\n\t\t\t<\/div><\/figure><figure class='gallery-item'>\n\t\t\t<div class='gallery-icon landscape'>\n\t\t\t\t<a data-elementor-open-lightbox=\"yes\" data-elementor-lightbox-slideshow=\"eafe521\" data-elementor-lightbox-title=\"IMG_1076\" href='https:\/\/yeni.elyucader.com\/wp-content\/uploads\/2020\/02\/IMG_1076.jpg'><img width=\"150\" height=\"150\" src=\"https:\/\/yeni.elyucader.com\/wp-content\/uploads\/2020\/02\/IMG_1076-150x150.jpg\" class=\"attachment-thumbnail size-thumbnail\" alt=\"\" decoding=\"async\" loading=\"lazy\" \/><\/a>\n\t\t\t<\/div><\/figure><figure class='gallery-item'>\n\t\t\t<div class='gallery-icon landscape'>\n\t\t\t\t<a data-elementor-open-lightbox=\"yes\" data-elementor-lightbox-slideshow=\"eafe521\" data-elementor-lightbox-title=\"IMG_1077\" href='https:\/\/yeni.elyucader.com\/wp-content\/uploads\/2020\/02\/IMG_1077.jpg'><img width=\"150\" height=\"150\" src=\"https:\/\/yeni.elyucader.com\/wp-content\/uploads\/2020\/02\/IMG_1077-150x150.jpg\" class=\"attachment-thumbnail size-thumbnail\" alt=\"\" decoding=\"async\" loading=\"lazy\" \/><\/a>\n\t\t\t<\/div><\/figure><figure class='gallery-item'>\n\t\t\t<div class='gallery-icon landscape'>\n\t\t\t\t<a data-elementor-open-lightbox=\"yes\" data-elementor-lightbox-slideshow=\"eafe521\" data-elementor-lightbox-title=\"IMG_1078\" href='https:\/\/yeni.elyucader.com\/wp-content\/uploads\/2020\/02\/IMG_1078.jpg'><img width=\"150\" height=\"150\" src=\"https:\/\/yeni.elyucader.com\/wp-content\/uploads\/2020\/02\/IMG_1078-150x150.jpg\" class=\"attachment-thumbnail size-thumbnail\" alt=\"\" decoding=\"async\" loading=\"lazy\" \/><\/a>\n\t\t\t<\/div><\/figure>\n\t\t<\/div>\n\t\t<\/div>\n\t\t\t\t<\/div>\n\t\t\t\t<\/div>\n\t\t\t\t\t\t<\/div>\n\t\t\t\t\t<\/div>\n\t\t<\/div>\n\t\t\t\t\t\t\t\t<\/div>\n\t\t\t\t\t<\/div>\n\t\t<\/section>\n\t\t\t\t\t\t<\/div>\n\t\t\t\t\t\t<\/div>\n\t\t\t\t\t<\/div>\n\t\t","protected":false},"excerpt":{"rendered":"<p>SEVR DA\u011eI Mescid-i Haram&#8217;\u0131n g\u00fcney cephesinde, takriben 4 km uzakl\u0131kta, Arafat yolu \u00fczerindedir. Da\u011f\u0131n ete\u011fi ile zirvesi 458 m, takriben 1,5 saatte yaya \u00e7\u0131k\u0131labilen bir mesafedir. Peygamberimiz (S.A.V.), Hz. Ebu Bekr-i S\u0131dd\u0131k (R.A.) ile hicret ederken bu ma\u011faraya girerek 3 gece kald\u0131lar. Ma\u011faraya \u00f6nce Hz. Ebu Bekir girerek zararl\u0131 bir \u015fey olup olmad\u0131\u011f\u0131na bakm\u0131\u015f, sonra [&hellip;]<\/p>\n","protected":false},"author":1,"featured_media":0,"parent":0,"menu_order":0,"comment_status":"closed","ping_status":"closed","template":"","meta":[],"_links":{"self":[{"href":"https:\/\/yeni.elyucader.com\/index.php?rest_route=\/wp\/v2\/pages\/45"}],"collection":[{"href":"https:\/\/yeni.elyucader.com\/index.php?rest_route=\/wp\/v2\/pages"}],"about":[{"href":"https:\/\/yeni.elyucader.com\/index.php?rest_route=\/wp\/v2\/types\/page"}],"author":[{"embeddable":true,"href":"https:\/\/yeni.elyucader.com\/index.php?rest_route=\/wp\/v2\/users\/1"}],"replies":[{"embeddable":true,"href":"https:\/\/yeni.elyucader.com\/index.php?rest_route=%2Fwp%2Fv2%2Fcomments&post=45"}],"version-history":[{"count":15,"href":"https:\/\/yeni.elyucader.com\/index.php?rest_route=\/wp\/v2\/pages\/45\/revisions"}],"predecessor-version":[{"id":1107,"href":"https:\/\/yeni.elyucader.com\/index.php?rest_route=\/wp\/v2\/pages\/45\/revisions\/1107"}],"wp:attachment":[{"href":"https:\/\/yeni.elyucader.com\/index.php?rest_route=%2Fwp%2Fv2%2Fmedia&parent=45"}],"curies":[{"name":"wp","href":"https:\/\/api.w.org\/{rel}","templated":true}]}}

Sevr Dağı

<div data-elementor-type="wp-page" data-elementor-id="45" class="elementor elementor-45" data-elementor-settings="[]">
						<div class="elementor-inner">
							<div class="elementor-section-wrap">
							<section class="elementor-section elementor-top-section elementor-element elementor-element-830cc6f elementor-section-stretched elementor-section-full_width elementor-section-height-full elementor-section-height-default elementor-section-items-middle" data-id="830cc6f" data-element_type="section" data-settings="{&quot;stretch_section&quot;:&quot;section-stretched&quot;,&quot;background_background&quot;:&quot;classic&quot;}">
						<div class="elementor-container elementor-column-gap-default">
							<div class="elementor-row">
					<div class="elementor-column elementor-col-100 elementor-top-column elementor-element elementor-element-b68db9e" data-id="b68db9e" data-element_type="column">
			<div class="elementor-column-wrap elementor-element-populated">
							<div class="elementor-widget-wrap">
						<div class="elementor-element elementor-element-de3561d elementor-widget elementor-widget-heading" data-id="de3561d" data-element_type="widget" data-widget_type="heading.default">
				<div class="elementor-widget-container">
			<h2 class="elementor-heading-title elementor-size-default">SEVR DAĞI</h2>		</div>
				</div>
						</div>
					</div>
		</div>
								</div>
					</div>
		</section>
				<section class="elementor-section elementor-top-section elementor-element elementor-element-3c05a5c elementor-section-boxed elementor-section-height-default elementor-section-height-default" data-id="3c05a5c" data-element_type="section">
						<div class="elementor-container elementor-column-gap-default">
							<div class="elementor-row">
					<div class="elementor-column elementor-col-100 elementor-top-column elementor-element elementor-element-dbaa4ee" data-id="dbaa4ee" data-element_type="column">
			<div class="elementor-column-wrap elementor-element-populated">
							<div class="elementor-widget-wrap">
						<div class="elementor-element elementor-element-3e7de4c elementor-widget elementor-widget-text-editor" data-id="3e7de4c" data-element_type="widget" data-widget_type="text-editor.default">
				<div class="elementor-widget-container">
					<div class="elementor-text-editor elementor-clearfix"><p>Mescid-i Haram&#8217;ın güney cephesinde, takriben 4 km uzaklıkta, Arafat yolu üzerindedir. Dağın eteği ile zirvesi 458 m, takriben 1,5 saatte yaya çıkılabilen bir mesafedir.</p>
<p>Peygamberimiz (S.A.V.), Hz. Ebu Bekr-i Sıddık (R.A.) ile hicret ederken bu mağaraya girerek 3 gece kaldılar. Mağaraya önce Hz. Ebu Bekir girerek zararlı bir şey olup olmadığına bakmış, sonra da Resulallah Efendimiz (S.A.V.) girmiştir.&nbsp;</p><p>Hz. Ebu Bekr&#8217;in oğlu Abdullah, gündüzleri müşriklerin arasında dolaşıyor, geceleri malumat getiriyordu. Kölesi Amr İbn-i Füheyre ise o civara koyunları sürüyor. Hem Abdullah&#8217;ın izlerini kaybettiriyor ve hem de süt ikram ediyordu.</p>
<p>Bu mağarada üç mucize meydana gelmiştir.&nbsp;</p><p>Hz. Ebu Bekir&#8217;in ayağını yılan sokmuş, Resulallah Efendimiz (S.A.V.) mübarek tükürüklerini sürmüş, o anda acısı geçip, şifa bulmuştu.&nbsp;</p><p>Onlar içeri girdikten sonra Allah&#8217;ın emriyle mağaranın ağzına örümcekler ağ germiş ve güvercinler yuva yapmışlardı.&nbsp;</p><p>Müşrikler mağaranın önüne kadar gelmişler, içlerinden biri aramak istemiş, Umeyye Bin Halef ona &#8220;Orada ne işin var, aklını mı yitirdin? Orada Muhammed doğmadan örümcekler ağını germiş, kuşlar yuva yapmış&#8221; deyince mağaraya girmekten vazgeçtiler.</p></div>
				</div>
				</div>
				<div class="elementor-element elementor-element-eafe521 gallery-spacing-custom elementor-widget elementor-widget-image-gallery" data-id="eafe521" data-element_type="widget" data-widget_type="image-gallery.default">
				<div class="elementor-widget-container">
					<div class="elementor-image-gallery">
			<div id='gallery-1' class='gallery galleryid-45 gallery-columns-5 gallery-size-thumbnail'><figure class='gallery-item'>
			<div class='gallery-icon landscape'>
				<a data-elementor-open-lightbox="yes" data-elementor-lightbox-slideshow="eafe521" data-elementor-lightbox-title="IMG_1074" href='https://yeni.elyucader.com/wp-content/uploads/2020/02/IMG_1074.jpg'><img width="150" height="150" src="https://yeni.elyucader.com/wp-content/uploads/2020/02/IMG_1074-150x150.jpg" class="attachment-thumbnail size-thumbnail" alt="" decoding="async" loading="lazy" /></a>
			</div></figure><figure class='gallery-item'>
			<div class='gallery-icon landscape'>
				<a data-elementor-open-lightbox="yes" data-elementor-lightbox-slideshow="eafe521" data-elementor-lightbox-title="IMG_1075" href='https://yeni.elyucader.com/wp-content/uploads/2020/02/IMG_1075.jpg'><img width="150" height="150" src="https://yeni.elyucader.com/wp-content/uploads/2020/02/IMG_1075-150x150.jpg" class="attachment-thumbnail size-thumbnail" alt="" decoding="async" loading="lazy" /></a>
			</div></figure><figure class='gallery-item'>
			<div class='gallery-icon landscape'>
				<a data-elementor-open-lightbox="yes" data-elementor-lightbox-slideshow="eafe521" data-elementor-lightbox-title="IMG_1076" href='https://yeni.elyucader.com/wp-content/uploads/2020/02/IMG_1076.jpg'><img width="150" height="150" src="https://yeni.elyucader.com/wp-content/uploads/2020/02/IMG_1076-150x150.jpg" class="attachment-thumbnail size-thumbnail" alt="" decoding="async" loading="lazy" /></a>
			</div></figure><figure class='gallery-item'>
			<div class='gallery-icon landscape'>
				<a data-elementor-open-lightbox="yes" data-elementor-lightbox-slideshow="eafe521" data-elementor-lightbox-title="IMG_1077" href='https://yeni.elyucader.com/wp-content/uploads/2020/02/IMG_1077.jpg'><img width="150" height="150" src="https://yeni.elyucader.com/wp-content/uploads/2020/02/IMG_1077-150x150.jpg" class="attachment-thumbnail size-thumbnail" alt="" decoding="async" loading="lazy" /></a>
			</div></figure><figure class='gallery-item'>
			<div class='gallery-icon landscape'>
				<a data-elementor-open-lightbox="yes" data-elementor-lightbox-slideshow="eafe521" data-elementor-lightbox-title="IMG_1078" href='https://yeni.elyucader.com/wp-content/uploads/2020/02/IMG_1078.jpg'><img width="150" height="150" src="https://yeni.elyucader.com/wp-content/uploads/2020/02/IMG_1078-150x150.jpg" class="attachment-thumbnail size-thumbnail" alt="" decoding="async" loading="lazy" /></a>
			</div></figure>
		</div>
		</div>
				</div>
				</div>
						</div>
					</div>
		</div>
								</div>
					</div>
		</section>
						</div>
						</div>
					</div>

<p>SEVR DAĞI Mescid-i Haram&#8217;ın güney cephesinde, takriben 4 km uzaklıkta, Arafat yolu üzerindedir. Dağın eteği ile zirvesi 458 m, takriben 1,5 saatte yaya çıkılabilen bir mesafedir. Peygamberimiz (S.A.V.), Hz. Ebu Bekr-i Sıddık (R.A.) ile hicret ederken bu mağaraya girerek 3 gece kaldılar. Mağaraya önce Hz. Ebu Bekir girerek zararlı bir şey olup olmadığına bakmış, sonra [&hellip;]</p>
