{"id":47,"date":"2020-01-06T17:55:27","date_gmt":"2020-01-06T14:55:27","guid":{"rendered":"http:\/\/localhost\/iyiakrep\/?page_id=47"},"modified":"2021-04-01T15:46:02","modified_gmt":"2021-04-01T12:46:02","slug":"hira-dagi","status":"publish","type":"page","link":"https:\/\/yeni.elyucader.com\/?page_id=47","title":{"rendered":"Hira Da\u011f\u0131"},"content":{"rendered":"\t\t<div data-elementor-type=\"wp-page\" data-elementor-id=\"47\" class=\"elementor elementor-47\" data-elementor-settings=\"[]\">\n\t\t\t\t\t\t<div class=\"elementor-inner\">\n\t\t\t\t\t\t\t<div class=\"elementor-section-wrap\">\n\t\t\t\t\t\t\t<section class=\"elementor-section elementor-top-section elementor-element elementor-element-5f03806 elementor-section-stretched elementor-section-full_width elementor-section-height-full elementor-section-height-default elementor-section-items-middle\" data-id=\"5f03806\" data-element_type=\"section\" data-settings=\"{&quot;stretch_section&quot;:&quot;section-stretched&quot;,&quot;background_background&quot;:&quot;classic&quot;}\">\n\t\t\t\t\t\t<div class=\"elementor-container elementor-column-gap-default\">\n\t\t\t\t\t\t\t<div class=\"elementor-row\">\n\t\t\t\t\t<div class=\"elementor-column elementor-col-100 elementor-top-column elementor-element elementor-element-4f70937\" data-id=\"4f70937\" data-element_type=\"column\">\n\t\t\t<div class=\"elementor-column-wrap elementor-element-populated\">\n\t\t\t\t\t\t\t<div class=\"elementor-widget-wrap\">\n\t\t\t\t\t\t<div class=\"elementor-element elementor-element-0cf3cc3 elementor-widget elementor-widget-heading\" data-id=\"0cf3cc3\" data-element_type=\"widget\" data-widget_type=\"heading.default\">\n\t\t\t\t<div class=\"elementor-widget-container\">\n\t\t\t<h2 class=\"elementor-heading-title elementor-size-default\">H\u0130RA DA\u011eI<\/h2>\t\t<\/div>\n\t\t\t\t<\/div>\n\t\t\t\t\t\t<\/div>\n\t\t\t\t\t<\/div>\n\t\t<\/div>\n\t\t\t\t\t\t\t\t<\/div>\n\t\t\t\t\t<\/div>\n\t\t<\/section>\n\t\t\t\t<section class=\"elementor-section elementor-top-section elementor-element elementor-element-c207485 elementor-section-boxed elementor-section-height-default elementor-section-height-default\" data-id=\"c207485\" data-element_type=\"section\">\n\t\t\t\t\t\t<div class=\"elementor-container elementor-column-gap-default\">\n\t\t\t\t\t\t\t<div class=\"elementor-row\">\n\t\t\t\t\t<div class=\"elementor-column elementor-col-100 elementor-top-column elementor-element elementor-element-9a9921f\" data-id=\"9a9921f\" data-element_type=\"column\">\n\t\t\t<div class=\"elementor-column-wrap elementor-element-populated\">\n\t\t\t\t\t\t\t<div class=\"elementor-widget-wrap\">\n\t\t\t\t\t\t<div class=\"elementor-element elementor-element-602e47b elementor-widget elementor-widget-text-editor\" data-id=\"602e47b\" data-element_type=\"widget\" data-widget_type=\"text-editor.default\">\n\t\t\t\t<div class=\"elementor-widget-container\">\n\t\t\t\t\t<div class=\"elementor-text-editor elementor-clearfix\"><p>Mekke&#8217;nin kuzeydo\u011fusunda Mescid-i Haram&#8217;a yakla\u015f\u0131k 5 km. uzakl\u0131kta, i\u00e7inde Hz. Peygamber Efendimiz (S.A.V.)&#8217;e ilk vahyin geldi\u011fi ma\u011faran\u0131n yer ald\u0131\u011f\u0131 da\u011fd\u0131r.&nbsp;<\/p><p>Deniz seviyesinden y\u00fcksekli\u011fi 642 metre, da\u011f ete\u011finden y\u00fcksekli\u011fi 281 metredir. Da\u011f\u0131n Cebelinur (Nur da\u011f\u0131) diye de an\u0131lmas\u0131, insanlara en do\u011fru yolu g\u00f6steren vahiy nurunun bu da\u011fdaki bir ma\u011faraya inmesinden dolay\u0131 olmal\u0131d\u0131r. Resul-i Ekrem&#8217;in hayat\u0131nda \u00e7ok \u00f6nemli bir yeri bulunan \u00fcnl\u00fc ma\u011fara zirvenin 20 metre kadar a\u015fa\u011f\u0131s\u0131ndad\u0131r.<\/p>\n<p>Peygamber Efendimiz (S.A.V.) 39 ya\u015f\u0131nda sad\u0131k r\u00fcyalar g\u00f6rmeye ba\u015flam\u0131\u015ft\u0131. Son 6 ayda tamamen \u015fehirden, evlerden ve insanlardan uzak bu ma\u011farada tefekk\u00fcr ile me\u015fgul oluyordu. Miladi 610 y\u0131l\u0131 Ramazan\u0131n\u0131n 17&#8217;sinde H\u0131ra ma\u011faras\u0131nda iken Cibril-i Emin ilk vahyi getirmi\u015fti.&nbsp;<\/p><p>Cebrail (A.S.), Ya Muhammed! Ben Cebrail&#8217;im, sen de Allahu Teala&#8217;n\u0131n peygamberisin. Dedikten sonra Kur an-\u0131 Kerim&#8217;in ilk ayetlerini okudu.&nbsp;<\/p><p>Bu suretle Resulullah Efendimiz (S.A.V.) peygamberlikle vazifelendirilmi\u015f oldu.<\/p><\/div>\n\t\t\t\t<\/div>\n\t\t\t\t<\/div>\n\t\t\t\t<div class=\"elementor-element elementor-element-53d9b01 gallery-spacing-custom elementor-widget elementor-widget-image-gallery\" data-id=\"53d9b01\" data-element_type=\"widget\" data-widget_type=\"image-gallery.default\">\n\t\t\t\t<div class=\"elementor-widget-container\">\n\t\t\t\t\t<div class=\"elementor-image-gallery\">\n\t\t\t<div id='gallery-1' class='gallery galleryid-47 gallery-columns-4 gallery-size-thumbnail'><figure class='gallery-item'>\n\t\t\t<div class='gallery-icon landscape'>\n\t\t\t\t<a data-elementor-open-lightbox=\"yes\" data-elementor-lightbox-slideshow=\"53d9b01\" data-elementor-lightbox-title=\"IMG_1111\" href='https:\/\/yeni.elyucader.com\/wp-content\/uploads\/2020\/02\/IMG_1111-1.jpg'><img width=\"150\" height=\"150\" src=\"https:\/\/yeni.elyucader.com\/wp-content\/uploads\/2020\/02\/IMG_1111-1-150x150.jpg\" class=\"attachment-thumbnail size-thumbnail\" alt=\"\" decoding=\"async\" loading=\"lazy\" \/><\/a>\n\t\t\t<\/div><\/figure><figure class='gallery-item'>\n\t\t\t<div class='gallery-icon landscape'>\n\t\t\t\t<a data-elementor-open-lightbox=\"yes\" data-elementor-lightbox-slideshow=\"53d9b01\" data-elementor-lightbox-title=\"IMG_1112\" href='https:\/\/yeni.elyucader.com\/wp-content\/uploads\/2020\/02\/IMG_1112-1.jpg'><img width=\"150\" height=\"150\" src=\"https:\/\/yeni.elyucader.com\/wp-content\/uploads\/2020\/02\/IMG_1112-1-150x150.jpg\" class=\"attachment-thumbnail size-thumbnail\" alt=\"\" decoding=\"async\" loading=\"lazy\" \/><\/a>\n\t\t\t<\/div><\/figure><figure class='gallery-item'>\n\t\t\t<div class='gallery-icon landscape'>\n\t\t\t\t<a data-elementor-open-lightbox=\"yes\" data-elementor-lightbox-slideshow=\"53d9b01\" data-elementor-lightbox-title=\"IMG_1113\" href='https:\/\/yeni.elyucader.com\/wp-content\/uploads\/2020\/02\/IMG_1113-1.jpg'><img width=\"150\" height=\"150\" src=\"https:\/\/yeni.elyucader.com\/wp-content\/uploads\/2020\/02\/IMG_1113-1-150x150.jpg\" class=\"attachment-thumbnail size-thumbnail\" alt=\"\" decoding=\"async\" loading=\"lazy\" \/><\/a>\n\t\t\t<\/div><\/figure><figure class='gallery-item'>\n\t\t\t<div class='gallery-icon landscape'>\n\t\t\t\t<a data-elementor-open-lightbox=\"yes\" data-elementor-lightbox-slideshow=\"53d9b01\" data-elementor-lightbox-title=\"IMG_1114\" href='https:\/\/yeni.elyucader.com\/wp-content\/uploads\/2020\/02\/IMG_1114-1.jpg'><img width=\"150\" height=\"150\" src=\"https:\/\/yeni.elyucader.com\/wp-content\/uploads\/2020\/02\/IMG_1114-1-150x150.jpg\" class=\"attachment-thumbnail size-thumbnail\" alt=\"\" decoding=\"async\" loading=\"lazy\" \/><\/a>\n\t\t\t<\/div><\/figure>\n\t\t<\/div>\n\t\t<\/div>\n\t\t\t\t<\/div>\n\t\t\t\t<\/div>\n\t\t\t\t\t\t<\/div>\n\t\t\t\t\t<\/div>\n\t\t<\/div>\n\t\t\t\t\t\t\t\t<\/div>\n\t\t\t\t\t<\/div>\n\t\t<\/section>\n\t\t\t\t\t\t<\/div>\n\t\t\t\t\t\t<\/div>\n\t\t\t\t\t<\/div>\n\t\t","protected":false},"excerpt":{"rendered":"<p>H\u0130RA DA\u011eI Mekke&#8217;nin kuzeydo\u011fusunda Mescid-i Haram&#8217;a yakla\u015f\u0131k 5 km. uzakl\u0131kta, i\u00e7inde Hz. Peygamber Efendimiz (S.A.V.)&#8217;e ilk vahyin geldi\u011fi ma\u011faran\u0131n yer ald\u0131\u011f\u0131 da\u011fd\u0131r.&nbsp; Deniz seviyesinden y\u00fcksekli\u011fi 642 metre, da\u011f ete\u011finden y\u00fcksekli\u011fi 281 metredir. Da\u011f\u0131n Cebelinur (Nur da\u011f\u0131) diye de an\u0131lmas\u0131, insanlara en do\u011fru yolu g\u00f6steren vahiy nurunun bu da\u011fdaki bir ma\u011faraya inmesinden dolay\u0131 olmal\u0131d\u0131r. Resul-i Ekrem&#8217;in [&hellip;]<\/p>\n","protected":false},"author":1,"featured_media":0,"parent":0,"menu_order":0,"comment_status":"closed","ping_status":"closed","template":"","meta":[],"_links":{"self":[{"href":"https:\/\/yeni.elyucader.com\/index.php?rest_route=\/wp\/v2\/pages\/47"}],"collection":[{"href":"https:\/\/yeni.elyucader.com\/index.php?rest_route=\/wp\/v2\/pages"}],"about":[{"href":"https:\/\/yeni.elyucader.com\/index.php?rest_route=\/wp\/v2\/types\/page"}],"author":[{"embeddable":true,"href":"https:\/\/yeni.elyucader.com\/index.php?rest_route=\/wp\/v2\/users\/1"}],"replies":[{"embeddable":true,"href":"https:\/\/yeni.elyucader.com\/index.php?rest_route=%2Fwp%2Fv2%2Fcomments&post=47"}],"version-history":[{"count":18,"href":"https:\/\/yeni.elyucader.com\/index.php?rest_route=\/wp\/v2\/pages\/47\/revisions"}],"predecessor-version":[{"id":1074,"href":"https:\/\/yeni.elyucader.com\/index.php?rest_route=\/wp\/v2\/pages\/47\/revisions\/1074"}],"wp:attachment":[{"href":"https:\/\/yeni.elyucader.com\/index.php?rest_route=%2Fwp%2Fv2%2Fmedia&parent=47"}],"curies":[{"name":"wp","href":"https:\/\/api.w.org\/{rel}","templated":true}]}}

Hira Dağı

<div data-elementor-type="wp-page" data-elementor-id="47" class="elementor elementor-47" data-elementor-settings="[]">
						<div class="elementor-inner">
							<div class="elementor-section-wrap">
							<section class="elementor-section elementor-top-section elementor-element elementor-element-5f03806 elementor-section-stretched elementor-section-full_width elementor-section-height-full elementor-section-height-default elementor-section-items-middle" data-id="5f03806" data-element_type="section" data-settings="{&quot;stretch_section&quot;:&quot;section-stretched&quot;,&quot;background_background&quot;:&quot;classic&quot;}">
						<div class="elementor-container elementor-column-gap-default">
							<div class="elementor-row">
					<div class="elementor-column elementor-col-100 elementor-top-column elementor-element elementor-element-4f70937" data-id="4f70937" data-element_type="column">
			<div class="elementor-column-wrap elementor-element-populated">
							<div class="elementor-widget-wrap">
						<div class="elementor-element elementor-element-0cf3cc3 elementor-widget elementor-widget-heading" data-id="0cf3cc3" data-element_type="widget" data-widget_type="heading.default">
				<div class="elementor-widget-container">
			<h2 class="elementor-heading-title elementor-size-default">HİRA DAĞI</h2>		</div>
				</div>
						</div>
					</div>
		</div>
								</div>
					</div>
		</section>
				<section class="elementor-section elementor-top-section elementor-element elementor-element-c207485 elementor-section-boxed elementor-section-height-default elementor-section-height-default" data-id="c207485" data-element_type="section">
						<div class="elementor-container elementor-column-gap-default">
							<div class="elementor-row">
					<div class="elementor-column elementor-col-100 elementor-top-column elementor-element elementor-element-9a9921f" data-id="9a9921f" data-element_type="column">
			<div class="elementor-column-wrap elementor-element-populated">
							<div class="elementor-widget-wrap">
						<div class="elementor-element elementor-element-602e47b elementor-widget elementor-widget-text-editor" data-id="602e47b" data-element_type="widget" data-widget_type="text-editor.default">
				<div class="elementor-widget-container">
					<div class="elementor-text-editor elementor-clearfix"><p>Mekke&#8217;nin kuzeydoğusunda Mescid-i Haram&#8217;a yaklaşık 5 km. uzaklıkta, içinde Hz. Peygamber Efendimiz (S.A.V.)&#8217;e ilk vahyin geldiği mağaranın yer aldığı dağdır.&nbsp;</p><p>Deniz seviyesinden yüksekliği 642 metre, dağ eteğinden yüksekliği 281 metredir. Dağın Cebelinur (Nur dağı) diye de anılması, insanlara en doğru yolu gösteren vahiy nurunun bu dağdaki bir mağaraya inmesinden dolayı olmalıdır. Resul-i Ekrem&#8217;in hayatında çok önemli bir yeri bulunan ünlü mağara zirvenin 20 metre kadar aşağısındadır.</p>
<p>Peygamber Efendimiz (S.A.V.) 39 yaşında sadık rüyalar görmeye başlamıştı. Son 6 ayda tamamen şehirden, evlerden ve insanlardan uzak bu mağarada tefekkür ile meşgul oluyordu. Miladi 610 yılı Ramazanının 17&#8217;sinde Hıra mağarasında iken Cibril-i Emin ilk vahyi getirmişti.&nbsp;</p><p>Cebrail (A.S.), Ya Muhammed! Ben Cebrail&#8217;im, sen de Allahu Teala&#8217;nın peygamberisin. Dedikten sonra Kur an-ı Kerim&#8217;in ilk ayetlerini okudu.&nbsp;</p><p>Bu suretle Resulullah Efendimiz (S.A.V.) peygamberlikle vazifelendirilmiş oldu.</p></div>
				</div>
				</div>
				<div class="elementor-element elementor-element-53d9b01 gallery-spacing-custom elementor-widget elementor-widget-image-gallery" data-id="53d9b01" data-element_type="widget" data-widget_type="image-gallery.default">
				<div class="elementor-widget-container">
					<div class="elementor-image-gallery">
			<div id='gallery-1' class='gallery galleryid-47 gallery-columns-4 gallery-size-thumbnail'><figure class='gallery-item'>
			<div class='gallery-icon landscape'>
				<a data-elementor-open-lightbox="yes" data-elementor-lightbox-slideshow="53d9b01" data-elementor-lightbox-title="IMG_1111" href='https://yeni.elyucader.com/wp-content/uploads/2020/02/IMG_1111-1.jpg'><img width="150" height="150" src="https://yeni.elyucader.com/wp-content/uploads/2020/02/IMG_1111-1-150x150.jpg" class="attachment-thumbnail size-thumbnail" alt="" decoding="async" loading="lazy" /></a>
			</div></figure><figure class='gallery-item'>
			<div class='gallery-icon landscape'>
				<a data-elementor-open-lightbox="yes" data-elementor-lightbox-slideshow="53d9b01" data-elementor-lightbox-title="IMG_1112" href='https://yeni.elyucader.com/wp-content/uploads/2020/02/IMG_1112-1.jpg'><img width="150" height="150" src="https://yeni.elyucader.com/wp-content/uploads/2020/02/IMG_1112-1-150x150.jpg" class="attachment-thumbnail size-thumbnail" alt="" decoding="async" loading="lazy" /></a>
			</div></figure><figure class='gallery-item'>
			<div class='gallery-icon landscape'>
				<a data-elementor-open-lightbox="yes" data-elementor-lightbox-slideshow="53d9b01" data-elementor-lightbox-title="IMG_1113" href='https://yeni.elyucader.com/wp-content/uploads/2020/02/IMG_1113-1.jpg'><img width="150" height="150" src="https://yeni.elyucader.com/wp-content/uploads/2020/02/IMG_1113-1-150x150.jpg" class="attachment-thumbnail size-thumbnail" alt="" decoding="async" loading="lazy" /></a>
			</div></figure><figure class='gallery-item'>
			<div class='gallery-icon landscape'>
				<a data-elementor-open-lightbox="yes" data-elementor-lightbox-slideshow="53d9b01" data-elementor-lightbox-title="IMG_1114" href='https://yeni.elyucader.com/wp-content/uploads/2020/02/IMG_1114-1.jpg'><img width="150" height="150" src="https://yeni.elyucader.com/wp-content/uploads/2020/02/IMG_1114-1-150x150.jpg" class="attachment-thumbnail size-thumbnail" alt="" decoding="async" loading="lazy" /></a>
			</div></figure>
		</div>
		</div>
				</div>
				</div>
						</div>
					</div>
		</div>
								</div>
					</div>
		</section>
						</div>
						</div>
					</div>

<p>HİRA DAĞI Mekke&#8217;nin kuzeydoğusunda Mescid-i Haram&#8217;a yaklaşık 5 km. uzaklıkta, içinde Hz. Peygamber Efendimiz (S.A.V.)&#8217;e ilk vahyin geldiği mağaranın yer aldığı dağdır.&nbsp; Deniz seviyesinden yüksekliği 642 metre, dağ eteğinden yüksekliği 281 metredir. Dağın Cebelinur (Nur dağı) diye de anılması, insanlara en doğru yolu gösteren vahiy nurunun bu dağdaki bir mağaraya inmesinden dolayı olmalıdır. Resul-i Ekrem&#8217;in [&hellip;]</p>
