{"id":53,"date":"2020-01-06T17:57:42","date_gmt":"2020-01-06T14:57:42","guid":{"rendered":"http:\/\/localhost\/iyiakrep\/?page_id=53"},"modified":"2021-08-15T00:22:45","modified_gmt":"2021-08-14T21:22:45","slug":"hz-meymune-annemiz","status":"publish","type":"page","link":"https:\/\/yeni.elyucader.com\/?page_id=53","title":{"rendered":"Hz. Meymune Annemiz"},"content":{"rendered":"\t\t<div data-elementor-type=\"wp-page\" data-elementor-id=\"53\" class=\"elementor elementor-53\" data-elementor-settings=\"[]\">\n\t\t\t\t\t\t<div class=\"elementor-inner\">\n\t\t\t\t\t\t\t<div class=\"elementor-section-wrap\">\n\t\t\t\t\t\t\t<section class=\"elementor-section elementor-top-section elementor-element elementor-element-d6f791f elementor-section-stretched elementor-section-full_width elementor-section-height-full elementor-section-height-default elementor-section-items-middle\" data-id=\"d6f791f\" data-element_type=\"section\" data-settings=\"{&quot;stretch_section&quot;:&quot;section-stretched&quot;,&quot;background_background&quot;:&quot;classic&quot;}\">\n\t\t\t\t\t\t<div class=\"elementor-container elementor-column-gap-default\">\n\t\t\t\t\t\t\t<div class=\"elementor-row\">\n\t\t\t\t\t<div class=\"elementor-column elementor-col-100 elementor-top-column elementor-element elementor-element-6f290b3\" data-id=\"6f290b3\" data-element_type=\"column\">\n\t\t\t<div class=\"elementor-column-wrap elementor-element-populated\">\n\t\t\t\t\t\t\t<div class=\"elementor-widget-wrap\">\n\t\t\t\t\t\t<div class=\"elementor-element elementor-element-1202886 elementor-widget elementor-widget-heading\" data-id=\"1202886\" data-element_type=\"widget\" data-widget_type=\"heading.default\">\n\t\t\t\t<div class=\"elementor-widget-container\">\n\t\t\t<h2 class=\"elementor-heading-title elementor-size-default\">HZ.MEYMUNE ANNEM\u0130Z<\/h2>\t\t<\/div>\n\t\t\t\t<\/div>\n\t\t\t\t\t\t<\/div>\n\t\t\t\t\t<\/div>\n\t\t<\/div>\n\t\t\t\t\t\t\t\t<\/div>\n\t\t\t\t\t<\/div>\n\t\t<\/section>\n\t\t\t\t<section class=\"elementor-section elementor-top-section elementor-element elementor-element-8577a0a elementor-section-boxed elementor-section-height-default elementor-section-height-default\" data-id=\"8577a0a\" data-element_type=\"section\">\n\t\t\t\t\t\t<div class=\"elementor-container elementor-column-gap-default\">\n\t\t\t\t\t\t\t<div class=\"elementor-row\">\n\t\t\t\t\t<div class=\"elementor-column elementor-col-100 elementor-top-column elementor-element elementor-element-aa0c1b3\" data-id=\"aa0c1b3\" data-element_type=\"column\">\n\t\t\t<div class=\"elementor-column-wrap elementor-element-populated\">\n\t\t\t\t\t\t\t<div class=\"elementor-widget-wrap\">\n\t\t\t\t\t\t<div class=\"elementor-element elementor-element-2534fb5 elementor-widget elementor-widget-text-editor\" data-id=\"2534fb5\" data-element_type=\"widget\" data-widget_type=\"text-editor.default\">\n\t\t\t\t<div class=\"elementor-widget-container\">\n\t\t\t\t\t<div class=\"elementor-text-editor elementor-clearfix\"><p>Mekke-Medine otoban\u0131nda \u015eerahbiye Hastahanesinin ilerisindeki trafik \u0131\u015f\u0131klar\u0131ndan yakla\u015f\u0131k bir km. sonra beyaz duvarlarla \u00e7evrili bir yap\u0131 ile kar\u015f\u0131la\u015f\u0131yoruz.<\/p>\n<p>Buraya Vadi-yi Serik diyorlar. \u0130\u00e7eride sadece k\u00fc\u00e7\u00fck bir kabir g\u00f6r\u00fcl\u00fcyor. Buras\u0131 Peygamber Efendimiz (S.A.V.)\u2019in e\u015fleri Hz. Meymune\u2019nin kabri.<\/p>\n<p>Hudeybiye Anla\u015fmas\u0131 yap\u0131l\u0131p 628 y\u0131l\u0131nda hac yapamadan geriye d\u00f6nen Efendimiz, ertesi sene ayn\u0131 gaye i\u00e7in Mekke\u2019ye geldi\u011finde, amcas\u0131 Hz. Abbas, kendisine e\u015finin karde\u015fi ile evlenmesi teklifinde bulunur.<\/p>\n<p>Efendimiz bu teklifi kabul eder. Fakat bu izdivac\u0131n harem hududlar\u0131 i\u00e7erisinde ger\u00e7ekle\u015fmesini arzu eder. Bu sebeple Mekkeli m\u00fc\u015friklere, izdivac\u0131n Mekke\u2019de ger\u00e7ekle\u015fmesini istedi\u011fini, burada Mekke\u2019ye yemek ziyafeti verece\u011fini s\u00f6yler. \u0130htimal ki bununla Mekkeliler\u2019in kalplerini kazanmay\u0131 da d\u00fc\u015f\u00fcnm\u00fc\u015ft\u00fc.<\/p>\n<p>Ama m\u00fc\u015frikler bu teklifi reddeder. Bunun \u00fczerine Efendimiz zifaf\u0131n\u0131 i\u015fte tam bu bulundu\u011fumuz yerde yapar. D\u00fc\u011f\u00fcn gecesi Vadi-yi Serik\u2019te yani burada bulunan bir semure a\u011fac\u0131n\u0131n alt\u0131nda kurulan bir \u00e7ad\u0131rda gecelenir.<\/p>\n<p>Semure ve bu mek\u00e2n Hz. Meymune\u2019nin kaderinde \u00f6nemli bir yer tutar. Zira Efendimiz\u2019le burada zifafa giren Hz. Meymune Hicri 51 y\u0131l\u0131nda, Hz. Muaviye\u2019nin hil\u00e2feti d\u00f6neminde buraya gelmi\u015f ve hastalanarak burada yine bir semure a\u011fac\u0131 alt\u0131nda vefat etmi\u015ftir. Kabri de yine buraya yap\u0131lm\u0131\u015ft\u0131r.<\/p>\n<p>Osmanl\u0131lar d\u00f6neminde buras\u0131 ye\u015fillik, sulak bir yermi\u015f. \u0130brahim Pa\u015fa\u2019n\u0131n Mirat\u00fc\u2019l-Haremeyn isimli eserinde Hz. Meymune\u2019nin kabrinin resmi mevcuttur. O resimde kubbeli bir t\u00fcrbe ve bir de sebil g\u00f6ze \u00e7arpar.&nbsp;<\/p><p>Mekke yerlileri Hz. Meymune\u2019yi her sene an\u0131yor. Safer ay\u0131 i\u00e7inde buraya toplanan \u00e7evre halk\u0131 annemiz i\u00e7in mevlid okutup, yemek da\u011f\u0131t\u0131yor. <\/p><\/div>\n\t\t\t\t<\/div>\n\t\t\t\t<\/div>\n\t\t\t\t<div class=\"elementor-element elementor-element-cee03d3 elementor-widget elementor-widget-text-editor\" data-id=\"cee03d3\" data-element_type=\"widget\" data-widget_type=\"text-editor.default\">\n\t\t\t\t<div class=\"elementor-widget-container\">\n\t\t\t\t\t<div class=\"elementor-text-editor elementor-clearfix\"><p><strong>G\u00f6r\u00fcn\u00fc\u015fte Sevgili ile vuslata erdi\u011fi yerde yaln\u0131z kalm\u0131\u015f bir Annemiz. O Sevgili ile beraber. O Cennet bah\u00e7esinde. O Mekke&#8217;ye giri\u015fte yolun kenar\u0131nda her gelene ho\u015f geldiniz diyor. Ona selam vermeden Mekke&#8217;ye girmek olmazd\u0131. Allah herkese nasip etsin. AM\u0130N<\/strong><\/p><\/div>\n\t\t\t\t<\/div>\n\t\t\t\t<\/div>\n\t\t\t\t<div class=\"elementor-element elementor-element-92636d7 gallery-spacing-custom elementor-widget elementor-widget-image-gallery\" data-id=\"92636d7\" data-element_type=\"widget\" data-widget_type=\"image-gallery.default\">\n\t\t\t\t<div class=\"elementor-widget-container\">\n\t\t\t\t\t<div class=\"elementor-image-gallery\">\n\t\t\t<div id='gallery-1' class='gallery galleryid-53 gallery-columns-2 gallery-size-thumbnail'><figure class='gallery-item'>\n\t\t\t<div class='gallery-icon landscape'>\n\t\t\t\t<a data-elementor-open-lightbox=\"yes\" data-elementor-lightbox-slideshow=\"92636d7\" data-elementor-lightbox-title=\"IMG_0730\" href='https:\/\/yeni.elyucader.com\/wp-content\/uploads\/2020\/02\/IMG_0730.jpg'><img width=\"150\" height=\"150\" src=\"https:\/\/yeni.elyucader.com\/wp-content\/uploads\/2020\/02\/IMG_0730-150x150.jpg\" class=\"attachment-thumbnail size-thumbnail\" alt=\"\" decoding=\"async\" loading=\"lazy\" \/><\/a>\n\t\t\t<\/div><\/figure><figure class='gallery-item'>\n\t\t\t<div class='gallery-icon landscape'>\n\t\t\t\t<a data-elementor-open-lightbox=\"yes\" data-elementor-lightbox-slideshow=\"92636d7\" data-elementor-lightbox-title=\"IMG_0731\" href='https:\/\/yeni.elyucader.com\/wp-content\/uploads\/2020\/02\/IMG_0731.jpg'><img width=\"150\" height=\"150\" src=\"https:\/\/yeni.elyucader.com\/wp-content\/uploads\/2020\/02\/IMG_0731-150x150.jpg\" class=\"attachment-thumbnail size-thumbnail\" alt=\"\" decoding=\"async\" loading=\"lazy\" \/><\/a>\n\t\t\t<\/div><\/figure>\n\t\t<\/div>\n\t\t<\/div>\n\t\t\t\t<\/div>\n\t\t\t\t<\/div>\n\t\t\t\t\t\t<\/div>\n\t\t\t\t\t<\/div>\n\t\t<\/div>\n\t\t\t\t\t\t\t\t<\/div>\n\t\t\t\t\t<\/div>\n\t\t<\/section>\n\t\t\t\t\t\t<\/div>\n\t\t\t\t\t\t<\/div>\n\t\t\t\t\t<\/div>\n\t\t","protected":false},"excerpt":{"rendered":"<p>HZ.MEYMUNE ANNEM\u0130Z Mekke-Medine otoban\u0131nda \u015eerahbiye Hastahanesinin ilerisindeki trafik \u0131\u015f\u0131klar\u0131ndan yakla\u015f\u0131k bir km. sonra beyaz duvarlarla \u00e7evrili bir yap\u0131 ile kar\u015f\u0131la\u015f\u0131yoruz. Buraya Vadi-yi Serik diyorlar. \u0130\u00e7eride sadece k\u00fc\u00e7\u00fck bir kabir g\u00f6r\u00fcl\u00fcyor. Buras\u0131 Peygamber Efendimiz (S.A.V.)\u2019in e\u015fleri Hz. Meymune\u2019nin kabri. Hudeybiye Anla\u015fmas\u0131 yap\u0131l\u0131p 628 y\u0131l\u0131nda hac yapamadan geriye d\u00f6nen Efendimiz, ertesi sene ayn\u0131 gaye i\u00e7in Mekke\u2019ye geldi\u011finde, [&hellip;]<\/p>\n","protected":false},"author":1,"featured_media":0,"parent":0,"menu_order":0,"comment_status":"closed","ping_status":"closed","template":"","meta":[],"_links":{"self":[{"href":"https:\/\/yeni.elyucader.com\/index.php?rest_route=\/wp\/v2\/pages\/53"}],"collection":[{"href":"https:\/\/yeni.elyucader.com\/index.php?rest_route=\/wp\/v2\/pages"}],"about":[{"href":"https:\/\/yeni.elyucader.com\/index.php?rest_route=\/wp\/v2\/types\/page"}],"author":[{"embeddable":true,"href":"https:\/\/yeni.elyucader.com\/index.php?rest_route=\/wp\/v2\/users\/1"}],"replies":[{"embeddable":true,"href":"https:\/\/yeni.elyucader.com\/index.php?rest_route=%2Fwp%2Fv2%2Fcomments&post=53"}],"version-history":[{"count":18,"href":"https:\/\/yeni.elyucader.com\/index.php?rest_route=\/wp\/v2\/pages\/53\/revisions"}],"predecessor-version":[{"id":1264,"href":"https:\/\/yeni.elyucader.com\/index.php?rest_route=\/wp\/v2\/pages\/53\/revisions\/1264"}],"wp:attachment":[{"href":"https:\/\/yeni.elyucader.com\/index.php?rest_route=%2Fwp%2Fv2%2Fmedia&parent=53"}],"curies":[{"name":"wp","href":"https:\/\/api.w.org\/{rel}","templated":true}]}}

<div data-elementor-type="wp-page" data-elementor-id="53" class="elementor elementor-53" data-elementor-settings="[]">
						<div class="elementor-inner">
							<div class="elementor-section-wrap">
							<section class="elementor-section elementor-top-section elementor-element elementor-element-d6f791f elementor-section-stretched elementor-section-full_width elementor-section-height-full elementor-section-height-default elementor-section-items-middle" data-id="d6f791f" data-element_type="section" data-settings="{&quot;stretch_section&quot;:&quot;section-stretched&quot;,&quot;background_background&quot;:&quot;classic&quot;}">
						<div class="elementor-container elementor-column-gap-default">
							<div class="elementor-row">
					<div class="elementor-column elementor-col-100 elementor-top-column elementor-element elementor-element-6f290b3" data-id="6f290b3" data-element_type="column">
			<div class="elementor-column-wrap elementor-element-populated">
							<div class="elementor-widget-wrap">
						<div class="elementor-element elementor-element-1202886 elementor-widget elementor-widget-heading" data-id="1202886" data-element_type="widget" data-widget_type="heading.default">
				<div class="elementor-widget-container">
			<h2 class="elementor-heading-title elementor-size-default">HZ.MEYMUNE ANNEMİZ</h2>		</div>
				</div>
						</div>
					</div>
		</div>
								</div>
					</div>
		</section>
				<section class="elementor-section elementor-top-section elementor-element elementor-element-8577a0a elementor-section-boxed elementor-section-height-default elementor-section-height-default" data-id="8577a0a" data-element_type="section">
						<div class="elementor-container elementor-column-gap-default">
							<div class="elementor-row">
					<div class="elementor-column elementor-col-100 elementor-top-column elementor-element elementor-element-aa0c1b3" data-id="aa0c1b3" data-element_type="column">
			<div class="elementor-column-wrap elementor-element-populated">
							<div class="elementor-widget-wrap">
						<div class="elementor-element elementor-element-2534fb5 elementor-widget elementor-widget-text-editor" data-id="2534fb5" data-element_type="widget" data-widget_type="text-editor.default">
				<div class="elementor-widget-container">
					<div class="elementor-text-editor elementor-clearfix"><p>Mekke-Medine otobanında Şerahbiye Hastahanesinin ilerisindeki trafik ışıklarından yaklaşık bir km. sonra beyaz duvarlarla çevrili bir yapı ile karşılaşıyoruz.</p>
<p>Buraya Vadi-yi Serik diyorlar. İçeride sadece küçük bir kabir görülüyor. Burası Peygamber Efendimiz (S.A.V.)’in eşleri Hz. Meymune’nin kabri.</p>
<p>Hudeybiye Anlaşması yapılıp 628 yılında hac yapamadan geriye dönen Efendimiz, ertesi sene aynı gaye için Mekke’ye geldiğinde, amcası Hz. Abbas, kendisine eşinin kardeşi ile evlenmesi teklifinde bulunur.</p>
<p>Efendimiz bu teklifi kabul eder. Fakat bu izdivacın harem hududları içerisinde gerçekleşmesini arzu eder. Bu sebeple Mekkeli müşriklere, izdivacın Mekke’de gerçekleşmesini istediğini, burada Mekke’ye yemek ziyafeti vereceğini söyler. İhtimal ki bununla Mekkeliler’in kalplerini kazanmayı da düşünmüştü.</p>
<p>Ama müşrikler bu teklifi reddeder. Bunun üzerine Efendimiz zifafını işte tam bu bulunduğumuz yerde yapar. Düğün gecesi Vadi-yi Serik’te yani burada bulunan bir semure ağacının altında kurulan bir çadırda gecelenir.</p>
<p>Semure ve bu mekân Hz. Meymune’nin kaderinde önemli bir yer tutar. Zira Efendimiz’le burada zifafa giren Hz. Meymune Hicri 51 yılında, Hz. Muaviye’nin hilâfeti döneminde buraya gelmiş ve hastalanarak burada yine bir semure ağacı altında vefat etmiştir. Kabri de yine buraya yapılmıştır.</p>
<p>Osmanlılar döneminde burası yeşillik, sulak bir yermiş. İbrahim Paşa’nın Miratü’l-Haremeyn isimli eserinde Hz. Meymune’nin kabrinin resmi mevcuttur. O resimde kubbeli bir türbe ve bir de sebil göze çarpar.&nbsp;</p><p>Mekke yerlileri Hz. Meymune’yi her sene anıyor. Safer ayı içinde buraya toplanan çevre halkı annemiz için mevlid okutup, yemek dağıtıyor. </p></div>
				</div>
				</div>
				<div class="elementor-element elementor-element-cee03d3 elementor-widget elementor-widget-text-editor" data-id="cee03d3" data-element_type="widget" data-widget_type="text-editor.default">
				<div class="elementor-widget-container">
					<div class="elementor-text-editor elementor-clearfix"><p><strong>Görünüşte Sevgili ile vuslata erdiği yerde yalnız kalmış bir Annemiz. O Sevgili ile beraber. O Cennet bahçesinde. O Mekke&#8217;ye girişte yolun kenarında her gelene hoş geldiniz diyor. Ona selam vermeden Mekke&#8217;ye girmek olmazdı. Allah herkese nasip etsin. AMİN</strong></p></div>
				</div>
				</div>
				<div class="elementor-element elementor-element-92636d7 gallery-spacing-custom elementor-widget elementor-widget-image-gallery" data-id="92636d7" data-element_type="widget" data-widget_type="image-gallery.default">
				<div class="elementor-widget-container">
					<div class="elementor-image-gallery">
			<div id='gallery-1' class='gallery galleryid-53 gallery-columns-2 gallery-size-thumbnail'><figure class='gallery-item'>
			<div class='gallery-icon landscape'>
				<a data-elementor-open-lightbox="yes" data-elementor-lightbox-slideshow="92636d7" data-elementor-lightbox-title="IMG_0730" href='https://yeni.elyucader.com/wp-content/uploads/2020/02/IMG_0730.jpg'><img width="150" height="150" src="https://yeni.elyucader.com/wp-content/uploads/2020/02/IMG_0730-150x150.jpg" class="attachment-thumbnail size-thumbnail" alt="" decoding="async" loading="lazy" /></a>
			</div></figure><figure class='gallery-item'>
			<div class='gallery-icon landscape'>
				<a data-elementor-open-lightbox="yes" data-elementor-lightbox-slideshow="92636d7" data-elementor-lightbox-title="IMG_0731" href='https://yeni.elyucader.com/wp-content/uploads/2020/02/IMG_0731.jpg'><img width="150" height="150" src="https://yeni.elyucader.com/wp-content/uploads/2020/02/IMG_0731-150x150.jpg" class="attachment-thumbnail size-thumbnail" alt="" decoding="async" loading="lazy" /></a>
			</div></figure>
		</div>
		</div>
				</div>
				</div>
						</div>
					</div>
		</div>
								</div>
					</div>
		</section>
						</div>
						</div>
					</div>

<p>HZ.MEYMUNE ANNEMİZ Mekke-Medine otobanında Şerahbiye Hastahanesinin ilerisindeki trafik ışıklarından yaklaşık bir km. sonra beyaz duvarlarla çevrili bir yapı ile karşılaşıyoruz. Buraya Vadi-yi Serik diyorlar. İçeride sadece küçük bir kabir görülüyor. Burası Peygamber Efendimiz (S.A.V.)’in eşleri Hz. Meymune’nin kabri. Hudeybiye Anlaşması yapılıp 628 yılında hac yapamadan geriye dönen Efendimiz, ertesi sene aynı gaye için Mekke’ye geldiğinde, [&hellip;]</p>
