{"id":69,"date":"2020-01-06T18:02:35","date_gmt":"2020-01-06T15:02:35","guid":{"rendered":"http:\/\/localhost\/iyiakrep\/?page_id=69"},"modified":"2021-04-01T15:56:02","modified_gmt":"2021-04-01T12:56:02","slug":"uhud","status":"publish","type":"page","link":"https:\/\/yeni.elyucader.com\/?page_id=69","title":{"rendered":"Uhud"},"content":{"rendered":"\t\t<div data-elementor-type=\"wp-page\" data-elementor-id=\"69\" class=\"elementor elementor-69\" data-elementor-settings=\"[]\">\n\t\t\t\t\t\t<div class=\"elementor-inner\">\n\t\t\t\t\t\t\t<div class=\"elementor-section-wrap\">\n\t\t\t\t\t\t\t<section class=\"elementor-section elementor-top-section elementor-element elementor-element-d448b5e elementor-section-stretched elementor-section-full_width elementor-section-height-full elementor-section-height-default elementor-section-items-middle\" data-id=\"d448b5e\" data-element_type=\"section\" data-settings=\"{&quot;stretch_section&quot;:&quot;section-stretched&quot;,&quot;background_background&quot;:&quot;classic&quot;}\">\n\t\t\t\t\t\t<div class=\"elementor-container elementor-column-gap-default\">\n\t\t\t\t\t\t\t<div class=\"elementor-row\">\n\t\t\t\t\t<div class=\"elementor-column elementor-col-100 elementor-top-column elementor-element elementor-element-d64a902\" data-id=\"d64a902\" data-element_type=\"column\">\n\t\t\t<div class=\"elementor-column-wrap elementor-element-populated\">\n\t\t\t\t\t\t\t<div class=\"elementor-widget-wrap\">\n\t\t\t\t\t\t<div class=\"elementor-element elementor-element-96e2375 elementor-widget elementor-widget-heading\" data-id=\"96e2375\" data-element_type=\"widget\" data-widget_type=\"heading.default\">\n\t\t\t\t<div class=\"elementor-widget-container\">\n\t\t\t<h2 class=\"elementor-heading-title elementor-size-default\">UHUD<\/h2>\t\t<\/div>\n\t\t\t\t<\/div>\n\t\t\t\t\t\t<\/div>\n\t\t\t\t\t<\/div>\n\t\t<\/div>\n\t\t\t\t\t\t\t\t<\/div>\n\t\t\t\t\t<\/div>\n\t\t<\/section>\n\t\t\t\t<section class=\"elementor-section elementor-top-section elementor-element elementor-element-0d8d4ff elementor-section-boxed elementor-section-height-default elementor-section-height-default\" data-id=\"0d8d4ff\" data-element_type=\"section\">\n\t\t\t\t\t\t<div class=\"elementor-container elementor-column-gap-default\">\n\t\t\t\t\t\t\t<div class=\"elementor-row\">\n\t\t\t\t\t<div class=\"elementor-column elementor-col-100 elementor-top-column elementor-element elementor-element-962947b\" data-id=\"962947b\" data-element_type=\"column\">\n\t\t\t<div class=\"elementor-column-wrap elementor-element-populated\">\n\t\t\t\t\t\t\t<div class=\"elementor-widget-wrap\">\n\t\t\t\t\t\t<div class=\"elementor-element elementor-element-1522146 elementor-widget elementor-widget-text-editor\" data-id=\"1522146\" data-element_type=\"widget\" data-widget_type=\"text-editor.default\">\n\t\t\t\t<div class=\"elementor-widget-container\">\n\t\t\t\t\t<div class=\"elementor-text-editor elementor-clearfix\"><p>Medine&#8217;nin kuruldu\u011fu d\u00fczl\u00fc\u011f\u00fc kuzeyden ku\u015fatan 8 km. uzunlu\u011fundaki Uhud da\u011f\u0131n\u0131n Mescid-i Nebevi&#8217;ye uzakl\u0131\u011f\u0131 5 km.&#8217;dir B\u00f6lgedeki herhangi bir da\u011f silsilesine ba\u011fl\u0131 olmad\u0131\u011f\u0131, tek ba\u015f\u0131na bulundu\u011fu i\u00e7in bu ad\u0131 alm\u0131\u015ft\u0131r. Yer seviyesinden y\u00fcksekli\u011fi 350 metredir.\u00a0<\/p><p>Aralar\u0131nda Hz. Hamza&#8217;n\u0131n da bulundu\u011fu 70 sahabinin \u015fehit oldu\u011fu Uhud sava\u015f\u0131 hicretin 3. y\u0131l\u0131nda burada ger\u00e7ekle\u015fmi\u015f ve ad\u0131n\u0131 buradan alm\u0131\u015ft\u0131r. Uhud da\u011f\u0131n\u0131n eteklerinde, Hz. Peygamber (S.A.V.)&#8217;in ordunun arka taraf\u0131n\u0131 emniyete almak i\u00e7in elli ok\u00e7u yerle\u015ftirdi\u011fi Ayneyn tepesi <em>var<\/em>d\u0131r.\u00a0<\/p><p>Sava\u015f bu tepe ile Uhud da\u011f\u0131 aras\u0131ndaki d\u00fczl\u00fckte meydana gelmi\u015f ve \u015fehitler de bu alana defnedilmi\u015ftir. Bu \u015fehitli\u011fin yan\u0131na da bug\u00fcn Mescid-i Hamza ad\u0131yla bilinen bir mescid yapt\u0131r\u0131lm\u0131\u015ft\u0131r.<\/p><p>Peygamber Efendimiz (S.A.V.) Uhud \u015fehitlerinin ba\u015f\u0131 ucunda: &#8220;Ben sizin Allah kat\u0131nda diriler oldu\u011funuza \u015fahidim. Ashab-\u0131 Kirama d\u00f6nerek bunlar\u0131 ziyaret edin ve selamlay\u0131n, Allah&#8217;a yemin ederim ki bunlar k\u0131yamete kadar selamlayana kar\u015f\u0131l\u0131k verir.&#8221; buyurdular. (Mirat\u00fc-1 Haremeyn c.2 s.1026).<\/p><p>Resulullah Efendimiz zaman zaman Uhud \u015fehitlerini ziyaret etmi\u015ftir. Hz. Fat\u0131ma validemiz iki, \u00fc\u00e7 g\u00fcnde bir Uhud&#8217;a gider amcas\u0131 Hazreti Hamza&#8217;n\u0131n kabrini ziyaret eder, a\u011flar, dua eder ve kabrini d\u00fczeltirdi.<\/p><p>Peygamber Efendimiz(S.A.V.)\u2019in \u201cUhud bizi sever, biz de Uhud\u2019u severiz.\u201d diye \u00f6vd\u00fc\u011f\u00fc bu da\u011f Asr-\u0131 Saadet d\u00f6neminde \u00f6nemli bir sava\u015fa ev sahipli\u011fi yapm\u0131\u015f. Yine sahih olan bir rivayete g\u00f6re bir g\u00fcn Hz. Peygamber (S.A.V.), Hz. Ebubekir, Hz. \u00d6mer ve Hz. Osman (R.A.) bu da\u011f\u0131n \u00fczerinde bulunduklar\u0131 s\u0131rada da\u011f sallanmaya ba\u015flay\u0131nca Hz. Peygamber (S.A.V.), \u201cEy Uhud yerinde sakin ol, zira senin \u00fczerinde, bir nebi, bir s\u0131dd\u0131k iki de \u015fehid var.\u201d buyurur.<\/p><\/div>\n\t\t\t\t<\/div>\n\t\t\t\t<\/div>\n\t\t\t\t<div class=\"elementor-element elementor-element-e14dd4f gallery-spacing-custom elementor-widget elementor-widget-image-gallery\" data-id=\"e14dd4f\" data-element_type=\"widget\" data-widget_type=\"image-gallery.default\">\n\t\t\t\t<div class=\"elementor-widget-container\">\n\t\t\t\t\t<div class=\"elementor-image-gallery\">\n\t\t\t<div id='gallery-1' class='gallery galleryid-69 gallery-columns-5 gallery-size-thumbnail'><figure class='gallery-item'>\n\t\t\t<div class='gallery-icon landscape'>\n\t\t\t\t<a data-elementor-open-lightbox=\"yes\" data-elementor-lightbox-slideshow=\"e14dd4f\" data-elementor-lightbox-title=\"IMG_1611\" href='https:\/\/yeni.elyucader.com\/wp-content\/uploads\/2020\/02\/IMG_1611.jpg'><img width=\"150\" height=\"150\" src=\"https:\/\/yeni.elyucader.com\/wp-content\/uploads\/2020\/02\/IMG_1611-150x150.jpg\" class=\"attachment-thumbnail size-thumbnail\" alt=\"\" decoding=\"async\" loading=\"lazy\" \/><\/a>\n\t\t\t<\/div><\/figure><figure class='gallery-item'>\n\t\t\t<div class='gallery-icon landscape'>\n\t\t\t\t<a data-elementor-open-lightbox=\"yes\" data-elementor-lightbox-slideshow=\"e14dd4f\" data-elementor-lightbox-title=\"IMG_1612\" href='https:\/\/yeni.elyucader.com\/wp-content\/uploads\/2020\/02\/IMG_1612.jpg'><img width=\"150\" height=\"150\" src=\"https:\/\/yeni.elyucader.com\/wp-content\/uploads\/2020\/02\/IMG_1612-150x150.jpg\" class=\"attachment-thumbnail size-thumbnail\" alt=\"\" decoding=\"async\" loading=\"lazy\" \/><\/a>\n\t\t\t<\/div><\/figure><figure class='gallery-item'>\n\t\t\t<div class='gallery-icon landscape'>\n\t\t\t\t<a data-elementor-open-lightbox=\"yes\" data-elementor-lightbox-slideshow=\"e14dd4f\" data-elementor-lightbox-title=\"IMG_1613\" href='https:\/\/yeni.elyucader.com\/wp-content\/uploads\/2020\/02\/IMG_1613.jpg'><img width=\"150\" height=\"150\" src=\"https:\/\/yeni.elyucader.com\/wp-content\/uploads\/2020\/02\/IMG_1613-150x150.jpg\" class=\"attachment-thumbnail size-thumbnail\" alt=\"\" decoding=\"async\" loading=\"lazy\" \/><\/a>\n\t\t\t<\/div><\/figure><figure class='gallery-item'>\n\t\t\t<div class='gallery-icon landscape'>\n\t\t\t\t<a data-elementor-open-lightbox=\"yes\" data-elementor-lightbox-slideshow=\"e14dd4f\" data-elementor-lightbox-title=\"IMG_1614\" href='https:\/\/yeni.elyucader.com\/wp-content\/uploads\/2020\/02\/IMG_1614.jpg'><img width=\"150\" height=\"150\" src=\"https:\/\/yeni.elyucader.com\/wp-content\/uploads\/2020\/02\/IMG_1614-150x150.jpg\" class=\"attachment-thumbnail size-thumbnail\" alt=\"\" decoding=\"async\" loading=\"lazy\" \/><\/a>\n\t\t\t<\/div><\/figure><figure class='gallery-item'>\n\t\t\t<div class='gallery-icon landscape'>\n\t\t\t\t<a data-elementor-open-lightbox=\"yes\" data-elementor-lightbox-slideshow=\"e14dd4f\" data-elementor-lightbox-title=\"IMG_1615\" href='https:\/\/yeni.elyucader.com\/wp-content\/uploads\/2020\/02\/IMG_1615.jpg'><img width=\"150\" height=\"150\" src=\"https:\/\/yeni.elyucader.com\/wp-content\/uploads\/2020\/02\/IMG_1615-150x150.jpg\" class=\"attachment-thumbnail size-thumbnail\" alt=\"\" decoding=\"async\" loading=\"lazy\" \/><\/a>\n\t\t\t<\/div><\/figure>\n\t\t<\/div>\n\t\t<\/div>\n\t\t\t\t<\/div>\n\t\t\t\t<\/div>\n\t\t\t\t\t\t<\/div>\n\t\t\t\t\t<\/div>\n\t\t<\/div>\n\t\t\t\t\t\t\t\t<\/div>\n\t\t\t\t\t<\/div>\n\t\t<\/section>\n\t\t\t\t\t\t<\/div>\n\t\t\t\t\t\t<\/div>\n\t\t\t\t\t<\/div>\n\t\t","protected":false},"excerpt":{"rendered":"<p>UHUD Medine&#8217;nin kuruldu\u011fu d\u00fczl\u00fc\u011f\u00fc kuzeyden ku\u015fatan 8 km. uzunlu\u011fundaki Uhud da\u011f\u0131n\u0131n Mescid-i Nebevi&#8217;ye uzakl\u0131\u011f\u0131 5 km.&#8217;dir B\u00f6lgedeki herhangi bir da\u011f silsilesine ba\u011fl\u0131 olmad\u0131\u011f\u0131, tek ba\u015f\u0131na bulundu\u011fu i\u00e7in bu ad\u0131 alm\u0131\u015ft\u0131r. Yer seviyesinden y\u00fcksekli\u011fi 350 metredir.\u00a0 Aralar\u0131nda Hz. Hamza&#8217;n\u0131n da bulundu\u011fu 70 sahabinin \u015fehit oldu\u011fu Uhud sava\u015f\u0131 hicretin 3. y\u0131l\u0131nda burada ger\u00e7ekle\u015fmi\u015f ve ad\u0131n\u0131 buradan alm\u0131\u015ft\u0131r. [&hellip;]<\/p>\n","protected":false},"author":1,"featured_media":0,"parent":0,"menu_order":0,"comment_status":"closed","ping_status":"closed","template":"","meta":[],"_links":{"self":[{"href":"https:\/\/yeni.elyucader.com\/index.php?rest_route=\/wp\/v2\/pages\/69"}],"collection":[{"href":"https:\/\/yeni.elyucader.com\/index.php?rest_route=\/wp\/v2\/pages"}],"about":[{"href":"https:\/\/yeni.elyucader.com\/index.php?rest_route=\/wp\/v2\/types\/page"}],"author":[{"embeddable":true,"href":"https:\/\/yeni.elyucader.com\/index.php?rest_route=\/wp\/v2\/users\/1"}],"replies":[{"embeddable":true,"href":"https:\/\/yeni.elyucader.com\/index.php?rest_route=%2Fwp%2Fv2%2Fcomments&post=69"}],"version-history":[{"count":21,"href":"https:\/\/yeni.elyucader.com\/index.php?rest_route=\/wp\/v2\/pages\/69\/revisions"}],"predecessor-version":[{"id":1110,"href":"https:\/\/yeni.elyucader.com\/index.php?rest_route=\/wp\/v2\/pages\/69\/revisions\/1110"}],"wp:attachment":[{"href":"https:\/\/yeni.elyucader.com\/index.php?rest_route=%2Fwp%2Fv2%2Fmedia&parent=69"}],"curies":[{"name":"wp","href":"https:\/\/api.w.org\/{rel}","templated":true}]}}

<div data-elementor-type="wp-page" data-elementor-id="69" class="elementor elementor-69" data-elementor-settings="[]">
						<div class="elementor-inner">
							<div class="elementor-section-wrap">
							<section class="elementor-section elementor-top-section elementor-element elementor-element-d448b5e elementor-section-stretched elementor-section-full_width elementor-section-height-full elementor-section-height-default elementor-section-items-middle" data-id="d448b5e" data-element_type="section" data-settings="{&quot;stretch_section&quot;:&quot;section-stretched&quot;,&quot;background_background&quot;:&quot;classic&quot;}">
						<div class="elementor-container elementor-column-gap-default">
							<div class="elementor-row">
					<div class="elementor-column elementor-col-100 elementor-top-column elementor-element elementor-element-d64a902" data-id="d64a902" data-element_type="column">
			<div class="elementor-column-wrap elementor-element-populated">
							<div class="elementor-widget-wrap">
						<div class="elementor-element elementor-element-96e2375 elementor-widget elementor-widget-heading" data-id="96e2375" data-element_type="widget" data-widget_type="heading.default">
				<div class="elementor-widget-container">
			<h2 class="elementor-heading-title elementor-size-default">UHUD</h2>		</div>
				</div>
						</div>
					</div>
		</div>
								</div>
					</div>
		</section>
				<section class="elementor-section elementor-top-section elementor-element elementor-element-0d8d4ff elementor-section-boxed elementor-section-height-default elementor-section-height-default" data-id="0d8d4ff" data-element_type="section">
						<div class="elementor-container elementor-column-gap-default">
							<div class="elementor-row">
					<div class="elementor-column elementor-col-100 elementor-top-column elementor-element elementor-element-962947b" data-id="962947b" data-element_type="column">
			<div class="elementor-column-wrap elementor-element-populated">
							<div class="elementor-widget-wrap">
						<div class="elementor-element elementor-element-1522146 elementor-widget elementor-widget-text-editor" data-id="1522146" data-element_type="widget" data-widget_type="text-editor.default">
				<div class="elementor-widget-container">
					<div class="elementor-text-editor elementor-clearfix"><p>Medine&#8217;nin kurulduğu düzlüğü kuzeyden kuşatan 8 km. uzunluğundaki Uhud dağının Mescid-i Nebevi&#8217;ye uzaklığı 5 km.&#8217;dir Bölgedeki herhangi bir dağ silsilesine bağlı olmadığı, tek başına bulunduğu için bu adı almıştır. Yer seviyesinden yüksekliği 350 metredir. </p><p>Aralarında Hz. Hamza&#8217;nın da bulunduğu 70 sahabinin şehit olduğu Uhud savaşı hicretin 3. yılında burada gerçekleşmiş ve adını buradan almıştır. Uhud dağının eteklerinde, Hz. Peygamber (S.A.V.)&#8217;in ordunun arka tarafını emniyete almak için elli okçu yerleştirdiği Ayneyn tepesi <em>var</em>dır. </p><p>Savaş bu tepe ile Uhud dağı arasındaki düzlükte meydana gelmiş ve şehitler de bu alana defnedilmiştir. Bu şehitliğin yanına da bugün Mescid-i Hamza adıyla bilinen bir mescid yaptırılmıştır.</p><p>Peygamber Efendimiz (S.A.V.) Uhud şehitlerinin başı ucunda: &#8220;Ben sizin Allah katında diriler olduğunuza şahidim. Ashab-ı Kirama dönerek bunları ziyaret edin ve selamlayın, Allah&#8217;a yemin ederim ki bunlar kıyamete kadar selamlayana karşılık verir.&#8221; buyurdular. (Miratü-1 Haremeyn c.2 s.1026).</p><p>Resulullah Efendimiz zaman zaman Uhud şehitlerini ziyaret etmiştir. Hz. Fatıma validemiz iki, üç günde bir Uhud&#8217;a gider amcası Hazreti Hamza&#8217;nın kabrini ziyaret eder, ağlar, dua eder ve kabrini düzeltirdi.</p><p>Peygamber Efendimiz(S.A.V.)’in “Uhud bizi sever, biz de Uhud’u severiz.” diye övdüğü bu dağ Asr-ı Saadet döneminde önemli bir savaşa ev sahipliği yapmış. Yine sahih olan bir rivayete göre bir gün Hz. Peygamber (S.A.V.), Hz. Ebubekir, Hz. Ömer ve Hz. Osman (R.A.) bu dağın üzerinde bulundukları sırada dağ sallanmaya başlayınca Hz. Peygamber (S.A.V.), “Ey Uhud yerinde sakin ol, zira senin üzerinde, bir nebi, bir sıddık iki de şehid var.” buyurur.</p></div>
				</div>
				</div>
				<div class="elementor-element elementor-element-e14dd4f gallery-spacing-custom elementor-widget elementor-widget-image-gallery" data-id="e14dd4f" data-element_type="widget" data-widget_type="image-gallery.default">
				<div class="elementor-widget-container">
					<div class="elementor-image-gallery">
			<div id='gallery-1' class='gallery galleryid-69 gallery-columns-5 gallery-size-thumbnail'><figure class='gallery-item'>
			<div class='gallery-icon landscape'>
				<a data-elementor-open-lightbox="yes" data-elementor-lightbox-slideshow="e14dd4f" data-elementor-lightbox-title="IMG_1611" href='https://yeni.elyucader.com/wp-content/uploads/2020/02/IMG_1611.jpg'><img width="150" height="150" src="https://yeni.elyucader.com/wp-content/uploads/2020/02/IMG_1611-150x150.jpg" class="attachment-thumbnail size-thumbnail" alt="" decoding="async" loading="lazy" /></a>
			</div></figure><figure class='gallery-item'>
			<div class='gallery-icon landscape'>
				<a data-elementor-open-lightbox="yes" data-elementor-lightbox-slideshow="e14dd4f" data-elementor-lightbox-title="IMG_1612" href='https://yeni.elyucader.com/wp-content/uploads/2020/02/IMG_1612.jpg'><img width="150" height="150" src="https://yeni.elyucader.com/wp-content/uploads/2020/02/IMG_1612-150x150.jpg" class="attachment-thumbnail size-thumbnail" alt="" decoding="async" loading="lazy" /></a>
			</div></figure><figure class='gallery-item'>
			<div class='gallery-icon landscape'>
				<a data-elementor-open-lightbox="yes" data-elementor-lightbox-slideshow="e14dd4f" data-elementor-lightbox-title="IMG_1613" href='https://yeni.elyucader.com/wp-content/uploads/2020/02/IMG_1613.jpg'><img width="150" height="150" src="https://yeni.elyucader.com/wp-content/uploads/2020/02/IMG_1613-150x150.jpg" class="attachment-thumbnail size-thumbnail" alt="" decoding="async" loading="lazy" /></a>
			</div></figure><figure class='gallery-item'>
			<div class='gallery-icon landscape'>
				<a data-elementor-open-lightbox="yes" data-elementor-lightbox-slideshow="e14dd4f" data-elementor-lightbox-title="IMG_1614" href='https://yeni.elyucader.com/wp-content/uploads/2020/02/IMG_1614.jpg'><img width="150" height="150" src="https://yeni.elyucader.com/wp-content/uploads/2020/02/IMG_1614-150x150.jpg" class="attachment-thumbnail size-thumbnail" alt="" decoding="async" loading="lazy" /></a>
			</div></figure><figure class='gallery-item'>
			<div class='gallery-icon landscape'>
				<a data-elementor-open-lightbox="yes" data-elementor-lightbox-slideshow="e14dd4f" data-elementor-lightbox-title="IMG_1615" href='https://yeni.elyucader.com/wp-content/uploads/2020/02/IMG_1615.jpg'><img width="150" height="150" src="https://yeni.elyucader.com/wp-content/uploads/2020/02/IMG_1615-150x150.jpg" class="attachment-thumbnail size-thumbnail" alt="" decoding="async" loading="lazy" /></a>
			</div></figure>
		</div>
		</div>
				</div>
				</div>
						</div>
					</div>
		</div>
								</div>
					</div>
		</section>
						</div>
						</div>
					</div>

<p>UHUD Medine&#8217;nin kurulduğu düzlüğü kuzeyden kuşatan 8 km. uzunluğundaki Uhud dağının Mescid-i Nebevi&#8217;ye uzaklığı 5 km.&#8217;dir Bölgedeki herhangi bir dağ silsilesine bağlı olmadığı, tek başına bulunduğu için bu adı almıştır. Yer seviyesinden yüksekliği 350 metredir.  Aralarında Hz. Hamza&#8217;nın da bulunduğu 70 sahabinin şehit olduğu Uhud savaşı hicretin 3. yılında burada gerçekleşmiş ve adını buradan almıştır. [&hellip;]</p>
