{"id":71,"date":"2020-01-06T18:03:08","date_gmt":"2020-01-06T15:03:08","guid":{"rendered":"http:\/\/localhost\/iyiakrep\/?page_id=71"},"modified":"2021-04-01T15:56:22","modified_gmt":"2021-04-01T12:56:22","slug":"yedi-mescidi","status":"publish","type":"page","link":"https:\/\/yeni.elyucader.com\/?page_id=71","title":{"rendered":"Yedi Mescidi"},"content":{"rendered":"\t\t<div data-elementor-type=\"wp-page\" data-elementor-id=\"71\" class=\"elementor elementor-71\" data-elementor-settings=\"[]\">\n\t\t\t\t\t\t<div class=\"elementor-inner\">\n\t\t\t\t\t\t\t<div class=\"elementor-section-wrap\">\n\t\t\t\t\t\t\t<section class=\"elementor-section elementor-top-section elementor-element elementor-element-0b9411c elementor-section-stretched elementor-section-full_width elementor-section-height-full elementor-section-height-default elementor-section-items-middle\" data-id=\"0b9411c\" data-element_type=\"section\" data-settings=\"{&quot;stretch_section&quot;:&quot;section-stretched&quot;,&quot;background_background&quot;:&quot;classic&quot;}\">\n\t\t\t\t\t\t<div class=\"elementor-container elementor-column-gap-default\">\n\t\t\t\t\t\t\t<div class=\"elementor-row\">\n\t\t\t\t\t<div class=\"elementor-column elementor-col-100 elementor-top-column elementor-element elementor-element-4213b59\" data-id=\"4213b59\" data-element_type=\"column\">\n\t\t\t<div class=\"elementor-column-wrap elementor-element-populated\">\n\t\t\t\t\t\t\t<div class=\"elementor-widget-wrap\">\n\t\t\t\t\t\t<div class=\"elementor-element elementor-element-88b4f9b elementor-widget elementor-widget-heading\" data-id=\"88b4f9b\" data-element_type=\"widget\" data-widget_type=\"heading.default\">\n\t\t\t\t<div class=\"elementor-widget-container\">\n\t\t\t<h2 class=\"elementor-heading-title elementor-size-default\">MESAC\u0130D-\u0130 SEB'A (YED\u0130 MESC\u0130D\u0130)<\/h2>\t\t<\/div>\n\t\t\t\t<\/div>\n\t\t\t\t\t\t<\/div>\n\t\t\t\t\t<\/div>\n\t\t<\/div>\n\t\t\t\t\t\t\t\t<\/div>\n\t\t\t\t\t<\/div>\n\t\t<\/section>\n\t\t\t\t<section class=\"elementor-section elementor-top-section elementor-element elementor-element-5ee7b38 elementor-section-boxed elementor-section-height-default elementor-section-height-default\" data-id=\"5ee7b38\" data-element_type=\"section\">\n\t\t\t\t\t\t<div class=\"elementor-container elementor-column-gap-default\">\n\t\t\t\t\t\t\t<div class=\"elementor-row\">\n\t\t\t\t\t<div class=\"elementor-column elementor-col-100 elementor-top-column elementor-element elementor-element-bf4d298\" data-id=\"bf4d298\" data-element_type=\"column\">\n\t\t\t<div class=\"elementor-column-wrap elementor-element-populated\">\n\t\t\t\t\t\t\t<div class=\"elementor-widget-wrap\">\n\t\t\t\t\t\t<div class=\"elementor-element elementor-element-89ff71e elementor-widget elementor-widget-text-editor\" data-id=\"89ff71e\" data-element_type=\"widget\" data-widget_type=\"text-editor.default\">\n\t\t\t\t<div class=\"elementor-widget-container\">\n\t\t\t\t\t<div class=\"elementor-text-editor elementor-clearfix\"><p>Hicretin 5&#8217;inci y\u0131l\u0131nda M\u00fcsl\u00fcmanlarla Mekke m\u00fc\u015frikleri ve m\u00fcttefikleri aras\u0131nda yap\u0131lan Hendek Harbinin yap\u0131ld\u0131\u011f\u0131 mahalde teberr\u00fcken yedi mescid yap\u0131lm\u0131\u015ft\u0131r.\u00a0<\/p><p>Bu mescidlerden bir tanesi Resulallah Efendimiz (S.A.V.)&#8217;in \u00e7ad\u0131r\u0131n\u0131n kurulu oldu\u011fu yerde bulunan &#8220;Fetih Mescidi&#8221; dir. Fetih Mescidi&#8217;nin bulundu\u011fu yerde Peygamber Efendimiz (S.A.V.) pazartesiden \u00e7ar\u015famba g\u00fcn\u00fcne kadar &#8220;Ahzab Duas\u0131&#8221; ile ilticada bulundu. Duas\u0131n\u0131n kabul oldu\u011fu bildirildi. Ak\u015fama do\u011fru \u00e7\u0131kan \u00e7ok \u015fiddetli bir r\u00fczgar k\u0131sa s\u00fcrede f\u0131rt\u0131naya d\u00f6nd\u00fc. F\u0131rt\u0131na m\u00fc\u015frik ordusunu Medine \u00e7evresinden at\u0131ncaya kadar devam etti. Sabah olunca hi\u00e7bir d\u00fc\u015fman kalmam\u0131\u015f f\u0131rt\u0131na da dinmi\u015fti.<\/p><p>Peygamber Efendimiz\u00a0<span style=\"font-family: Arial, sans-serif; font-size: 22px; font-style: italic; font-variant-ligatures: normal; font-variant-caps: normal; font-weight: 400;\">(S.A.V.)<\/span><span style=\"font-size: 22px;\">\u00a0\u00fc\u00e7 bin civar\u0131nda ashab\u0131 ile Seli Da\u011f\u0131 ete\u011finde ikamet ederek, Selman-\u0131 Farisi&#8217;nin teklifi \u00fczerine hendek kazmay\u0131 kararla\u015ft\u0131r\u0131p, bir rivayete g\u00f6re eni ve derinli\u011fi: 2,5 metre, di\u011fer bir rivayete g\u00f6re de derinli\u011fi: 4,5 veya 5, eni de: 9 metredir. Ashab-\u0131 Kiram&#8217;\u0131n gayretleri ile 6 g\u00fcnde veya 24 g\u00fcnde kaz\u0131lm\u0131\u015ft\u0131r. Kaz\u0131lan hende\u011fin uzunlu\u011fu yakla\u015f\u0131k 6000 metre, baz\u0131lar\u0131na g\u00f6re de 2700 metredir. M\u00fc\u015frikler bir aya yak\u0131n muhasarada bulunmu\u015flar ise de sonunda hezimete u\u011frayarak d\u00f6n\u00fcp gitmi\u015fler.<\/span><\/p><p>Sel da\u011f\u0131n\u0131n kuzeybat\u0131s\u0131nda baz\u0131 olaylar\u0131n hat\u0131ras\u0131na zamanla baz\u0131 k\u00fc\u00e7\u00fck mescitler in\u015fa edilmi\u015ftir<\/p><p>Muhtelif zamanlarda tamir g\u00f6ren bu k\u00fc\u00e7\u00fck mescidlerden Mescid-i Feth, Mescid-i Selman-\u0131 Farisiye Mescid-i \u00d6mer b. el-Hattab d\u0131\u015f\u0131ndakiler y\u0131kt\u0131r\u0131lm\u0131\u015f olup bunlar\u0131n bulundu\u011fu alanda iki minareli b\u00fcy\u00fck bir cami yap\u0131lm\u0131\u015ft\u0131r.<\/p><\/div>\n\t\t\t\t<\/div>\n\t\t\t\t<\/div>\n\t\t\t\t<div class=\"elementor-element elementor-element-04ca19c gallery-spacing-custom elementor-widget elementor-widget-image-gallery\" data-id=\"04ca19c\" data-element_type=\"widget\" data-widget_type=\"image-gallery.default\">\n\t\t\t\t<div class=\"elementor-widget-container\">\n\t\t\t\t\t<div class=\"elementor-image-gallery\">\n\t\t\t<div id='gallery-1' class='gallery galleryid-71 gallery-columns-3 gallery-size-thumbnail'><figure class='gallery-item'>\n\t\t\t<div class='gallery-icon landscape'>\n\t\t\t\t<a data-elementor-open-lightbox=\"yes\" data-elementor-lightbox-slideshow=\"04ca19c\" data-elementor-lightbox-title=\"IMG_1644\" href='https:\/\/yeni.elyucader.com\/wp-content\/uploads\/2020\/02\/IMG_1644.jpg'><img width=\"150\" height=\"150\" src=\"https:\/\/yeni.elyucader.com\/wp-content\/uploads\/2020\/02\/IMG_1644-150x150.jpg\" class=\"attachment-thumbnail size-thumbnail\" alt=\"\" decoding=\"async\" loading=\"lazy\" \/><\/a>\n\t\t\t<\/div><\/figure><figure class='gallery-item'>\n\t\t\t<div class='gallery-icon landscape'>\n\t\t\t\t<a data-elementor-open-lightbox=\"yes\" data-elementor-lightbox-slideshow=\"04ca19c\" data-elementor-lightbox-title=\"IMG_1645\" href='https:\/\/yeni.elyucader.com\/wp-content\/uploads\/2020\/02\/IMG_1645.jpg'><img width=\"150\" height=\"150\" src=\"https:\/\/yeni.elyucader.com\/wp-content\/uploads\/2020\/02\/IMG_1645-150x150.jpg\" class=\"attachment-thumbnail size-thumbnail\" alt=\"\" decoding=\"async\" loading=\"lazy\" \/><\/a>\n\t\t\t<\/div><\/figure><figure class='gallery-item'>\n\t\t\t<div class='gallery-icon landscape'>\n\t\t\t\t<a data-elementor-open-lightbox=\"yes\" data-elementor-lightbox-slideshow=\"04ca19c\" data-elementor-lightbox-title=\"IMG_1646\" href='https:\/\/yeni.elyucader.com\/wp-content\/uploads\/2020\/02\/IMG_1646.jpg'><img width=\"150\" height=\"150\" src=\"https:\/\/yeni.elyucader.com\/wp-content\/uploads\/2020\/02\/IMG_1646-150x150.jpg\" class=\"attachment-thumbnail size-thumbnail\" alt=\"\" decoding=\"async\" loading=\"lazy\" \/><\/a>\n\t\t\t<\/div><\/figure>\n\t\t<\/div>\n\t\t<\/div>\n\t\t\t\t<\/div>\n\t\t\t\t<\/div>\n\t\t\t\t\t\t<\/div>\n\t\t\t\t\t<\/div>\n\t\t<\/div>\n\t\t\t\t\t\t\t\t<\/div>\n\t\t\t\t\t<\/div>\n\t\t<\/section>\n\t\t\t\t\t\t<\/div>\n\t\t\t\t\t\t<\/div>\n\t\t\t\t\t<\/div>\n\t\t","protected":false},"excerpt":{"rendered":"<p>MESAC\u0130D-\u0130 SEB&#8217;A (YED\u0130 MESC\u0130D\u0130) Hicretin 5&#8217;inci y\u0131l\u0131nda M\u00fcsl\u00fcmanlarla Mekke m\u00fc\u015frikleri ve m\u00fcttefikleri aras\u0131nda yap\u0131lan Hendek Harbinin yap\u0131ld\u0131\u011f\u0131 mahalde teberr\u00fcken yedi mescid yap\u0131lm\u0131\u015ft\u0131r.\u00a0 Bu mescidlerden bir tanesi Resulallah Efendimiz (S.A.V.)&#8217;in \u00e7ad\u0131r\u0131n\u0131n kurulu oldu\u011fu yerde bulunan &#8220;Fetih Mescidi&#8221; dir. Fetih Mescidi&#8217;nin bulundu\u011fu yerde Peygamber Efendimiz (S.A.V.) pazartesiden \u00e7ar\u015famba g\u00fcn\u00fcne kadar &#8220;Ahzab Duas\u0131&#8221; ile ilticada bulundu. Duas\u0131n\u0131n kabul [&hellip;]<\/p>\n","protected":false},"author":1,"featured_media":0,"parent":0,"menu_order":0,"comment_status":"closed","ping_status":"closed","template":"","meta":[],"_links":{"self":[{"href":"https:\/\/yeni.elyucader.com\/index.php?rest_route=\/wp\/v2\/pages\/71"}],"collection":[{"href":"https:\/\/yeni.elyucader.com\/index.php?rest_route=\/wp\/v2\/pages"}],"about":[{"href":"https:\/\/yeni.elyucader.com\/index.php?rest_route=\/wp\/v2\/types\/page"}],"author":[{"embeddable":true,"href":"https:\/\/yeni.elyucader.com\/index.php?rest_route=\/wp\/v2\/users\/1"}],"replies":[{"embeddable":true,"href":"https:\/\/yeni.elyucader.com\/index.php?rest_route=%2Fwp%2Fv2%2Fcomments&post=71"}],"version-history":[{"count":22,"href":"https:\/\/yeni.elyucader.com\/index.php?rest_route=\/wp\/v2\/pages\/71\/revisions"}],"predecessor-version":[{"id":1113,"href":"https:\/\/yeni.elyucader.com\/index.php?rest_route=\/wp\/v2\/pages\/71\/revisions\/1113"}],"wp:attachment":[{"href":"https:\/\/yeni.elyucader.com\/index.php?rest_route=%2Fwp%2Fv2%2Fmedia&parent=71"}],"curies":[{"name":"wp","href":"https:\/\/api.w.org\/{rel}","templated":true}]}}

<div data-elementor-type="wp-page" data-elementor-id="71" class="elementor elementor-71" data-elementor-settings="[]">
						<div class="elementor-inner">
							<div class="elementor-section-wrap">
							<section class="elementor-section elementor-top-section elementor-element elementor-element-0b9411c elementor-section-stretched elementor-section-full_width elementor-section-height-full elementor-section-height-default elementor-section-items-middle" data-id="0b9411c" data-element_type="section" data-settings="{&quot;stretch_section&quot;:&quot;section-stretched&quot;,&quot;background_background&quot;:&quot;classic&quot;}">
						<div class="elementor-container elementor-column-gap-default">
							<div class="elementor-row">
					<div class="elementor-column elementor-col-100 elementor-top-column elementor-element elementor-element-4213b59" data-id="4213b59" data-element_type="column">
			<div class="elementor-column-wrap elementor-element-populated">
							<div class="elementor-widget-wrap">
						<div class="elementor-element elementor-element-88b4f9b elementor-widget elementor-widget-heading" data-id="88b4f9b" data-element_type="widget" data-widget_type="heading.default">
				<div class="elementor-widget-container">
			<h2 class="elementor-heading-title elementor-size-default">MESACİD-İ SEB'A (YEDİ MESCİDİ)</h2>		</div>
				</div>
						</div>
					</div>
		</div>
								</div>
					</div>
		</section>
				<section class="elementor-section elementor-top-section elementor-element elementor-element-5ee7b38 elementor-section-boxed elementor-section-height-default elementor-section-height-default" data-id="5ee7b38" data-element_type="section">
						<div class="elementor-container elementor-column-gap-default">
							<div class="elementor-row">
					<div class="elementor-column elementor-col-100 elementor-top-column elementor-element elementor-element-bf4d298" data-id="bf4d298" data-element_type="column">
			<div class="elementor-column-wrap elementor-element-populated">
							<div class="elementor-widget-wrap">
						<div class="elementor-element elementor-element-89ff71e elementor-widget elementor-widget-text-editor" data-id="89ff71e" data-element_type="widget" data-widget_type="text-editor.default">
				<div class="elementor-widget-container">
					<div class="elementor-text-editor elementor-clearfix"><p>Hicretin 5&#8217;inci yılında Müslümanlarla Mekke müşrikleri ve müttefikleri arasında yapılan Hendek Harbinin yapıldığı mahalde teberrüken yedi mescid yapılmıştır. </p><p>Bu mescidlerden bir tanesi Resulallah Efendimiz (S.A.V.)&#8217;in çadırının kurulu olduğu yerde bulunan &#8220;Fetih Mescidi&#8221; dir. Fetih Mescidi&#8217;nin bulunduğu yerde Peygamber Efendimiz (S.A.V.) pazartesiden çarşamba gününe kadar &#8220;Ahzab Duası&#8221; ile ilticada bulundu. Duasının kabul olduğu bildirildi. Akşama doğru çıkan çok şiddetli bir rüzgar kısa sürede fırtınaya döndü. Fırtına müşrik ordusunu Medine çevresinden atıncaya kadar devam etti. Sabah olunca hiçbir düşman kalmamış fırtına da dinmişti.</p><p>Peygamber Efendimiz <span style="font-family: Arial, sans-serif; font-size: 22px; font-style: italic; font-variant-ligatures: normal; font-variant-caps: normal; font-weight: 400;">(S.A.V.)</span><span style="font-size: 22px;"> üç bin civarında ashabı ile Seli Dağı eteğinde ikamet ederek, Selman-ı Farisi&#8217;nin teklifi üzerine hendek kazmayı kararlaştırıp, bir rivayete göre eni ve derinliği: 2,5 metre, diğer bir rivayete göre de derinliği: 4,5 veya 5, eni de: 9 metredir. Ashab-ı Kiram&#8217;ın gayretleri ile 6 günde veya 24 günde kazılmıştır. Kazılan hendeğin uzunluğu yaklaşık 6000 metre, bazılarına göre de 2700 metredir. Müşrikler bir aya yakın muhasarada bulunmuşlar ise de sonunda hezimete uğrayarak dönüp gitmişler.</span></p><p>Sel dağının kuzeybatısında bazı olayların hatırasına zamanla bazı küçük mescitler inşa edilmiştir</p><p>Muhtelif zamanlarda tamir gören bu küçük mescidlerden Mescid-i Feth, Mescid-i Selman-ı Farisiye Mescid-i Ömer b. el-Hattab dışındakiler yıktırılmış olup bunların bulunduğu alanda iki minareli büyük bir cami yapılmıştır.</p></div>
				</div>
				</div>
				<div class="elementor-element elementor-element-04ca19c gallery-spacing-custom elementor-widget elementor-widget-image-gallery" data-id="04ca19c" data-element_type="widget" data-widget_type="image-gallery.default">
				<div class="elementor-widget-container">
					<div class="elementor-image-gallery">
			<div id='gallery-1' class='gallery galleryid-71 gallery-columns-3 gallery-size-thumbnail'><figure class='gallery-item'>
			<div class='gallery-icon landscape'>
				<a data-elementor-open-lightbox="yes" data-elementor-lightbox-slideshow="04ca19c" data-elementor-lightbox-title="IMG_1644" href='https://yeni.elyucader.com/wp-content/uploads/2020/02/IMG_1644.jpg'><img width="150" height="150" src="https://yeni.elyucader.com/wp-content/uploads/2020/02/IMG_1644-150x150.jpg" class="attachment-thumbnail size-thumbnail" alt="" decoding="async" loading="lazy" /></a>
			</div></figure><figure class='gallery-item'>
			<div class='gallery-icon landscape'>
				<a data-elementor-open-lightbox="yes" data-elementor-lightbox-slideshow="04ca19c" data-elementor-lightbox-title="IMG_1645" href='https://yeni.elyucader.com/wp-content/uploads/2020/02/IMG_1645.jpg'><img width="150" height="150" src="https://yeni.elyucader.com/wp-content/uploads/2020/02/IMG_1645-150x150.jpg" class="attachment-thumbnail size-thumbnail" alt="" decoding="async" loading="lazy" /></a>
			</div></figure><figure class='gallery-item'>
			<div class='gallery-icon landscape'>
				<a data-elementor-open-lightbox="yes" data-elementor-lightbox-slideshow="04ca19c" data-elementor-lightbox-title="IMG_1646" href='https://yeni.elyucader.com/wp-content/uploads/2020/02/IMG_1646.jpg'><img width="150" height="150" src="https://yeni.elyucader.com/wp-content/uploads/2020/02/IMG_1646-150x150.jpg" class="attachment-thumbnail size-thumbnail" alt="" decoding="async" loading="lazy" /></a>
			</div></figure>
		</div>
		</div>
				</div>
				</div>
						</div>
					</div>
		</div>
								</div>
					</div>
		</section>
						</div>
						</div>
					</div>

<p>MESACİD-İ SEB&#8217;A (YEDİ MESCİDİ) Hicretin 5&#8217;inci yılında Müslümanlarla Mekke müşrikleri ve müttefikleri arasında yapılan Hendek Harbinin yapıldığı mahalde teberrüken yedi mescid yapılmıştır.  Bu mescidlerden bir tanesi Resulallah Efendimiz (S.A.V.)&#8217;in çadırının kurulu olduğu yerde bulunan &#8220;Fetih Mescidi&#8221; dir. Fetih Mescidi&#8217;nin bulunduğu yerde Peygamber Efendimiz (S.A.V.) pazartesiden çarşamba gününe kadar &#8220;Ahzab Duası&#8221; ile ilticada bulundu. Duasının kabul [&hellip;]</p>
